{"id":2993,"date":"2024-04-29T21:42:21","date_gmt":"2024-04-29T18:42:21","guid":{"rendered":"https:\/\/exzone.com.tr\/?post_type=product&#038;p=2993"},"modified":"2024-04-29T21:42:35","modified_gmt":"2024-04-29T18:42:35","slug":"wolf-ex-proof-tr-24b-26b-pilli-el-feneri","status":"publish","type":"product","link":"https:\/\/exzone.com.tr\/index.php\/urun\/wolf-ex-proof-tr-24b-26b-pilli-el-feneri\/","title":{"rendered":"Wolf Ex-proof TR-24B\/26B Pilli El Feneri"},"content":{"rendered":"<h4>Teknik Bilgiler<\/h4>\n<p><u><strong>TR-24B El fenerleri<\/strong>\u00a0<\/u><\/p>\n<p>II 2GD Ex eb ib IIB T4 Gb<\/p>\n<p>Ex tb IIIC T95\u00b0C Db<\/p>\n<p>(-20\u00b0C \u2264 Ta \u2264 +40\/55\u00b0C)<\/p>\n<p>ATEX sertifikas\u0131na sahiptir.<\/p>\n<p>EN 60529:1992 standard\u0131na g\u00f6re IP 67 su ve toz korumas\u0131 mevcuttur.<\/p>\n<p><u><strong>Dizayn :<\/strong><\/u><\/p>\n<p>Zones 1 &amp; 2 Gas Groups IIB gazl\u0131 ortamlarda T4 s\u0131cakl\u0131k aral\u0131\u011f\u0131nda kullan\u0131m\u0131 uygundur.<\/p>\n<p>Zones 21 &amp; 22 Dust Groups IIC tozlu ortamlarda kullan\u0131ma uygundur.<\/p>\n<p>Vakum filamen tipte kaynak ile 1.7 wattl\u0131k g\u00fc\u00e7le ayd\u0131nlanma sa\u011flar.<\/p>\n<p>Korumal\u0131 g\u00fc\u00e7lendirilmi\u015f cam lensli, g\u00f6vdesi darbe dayan\u0131ml\u0131 termoplastik yap\u0131da ve antistatik muhafazal\u0131d\u0131r.<\/p>\n<p>2 adet 1,5 V. pil ile \u00e7al\u0131\u015f\u0131r ve 5 saatin \u00fczerinde ayd\u0131nlatma sa\u011flar.<\/p>\n<p>A\u011f\u0131rl\u0131\u011f\u0131 yakla\u015f\u0131k 150 \/ 190 gramd\u0131r.<\/p>\n<p><u><strong>TR-26B El fenerleri<\/strong><\/u><\/p>\n<p>II 2GD Ex eb ib IIB T6 Gb<\/p>\n<p>Ex tb IIIC T65\u00b0C Db<\/p>\n<p>(-20\u00b0C \u2264 Ta \u2264 +40\u00b0C)<\/p>\n<div>\n<p>ATEX sertifikas\u0131na sahiptir.<\/p>\n<p>EN 60529:1992 standard\u0131na g\u00f6re IP 67 su ve toz korumas\u0131 mevcuttur.<\/p>\n<p><u><strong>Dizayn :<\/strong><\/u><\/p>\n<p>Zones 1 &amp; 2 Gas Groups IIB gazl\u0131 ortamlarda T6 s\u0131cakl\u0131k aral\u0131\u011f\u0131nda kullan\u0131m\u0131 uygundur.<\/p>\n<p>Zones 21 &amp; 22 Dust Groups IIC tozlu ortamlarda kullan\u0131ma uygundur.<\/p>\n<p>Vakum filamen tipte kaynak ile 1.7 wattl\u0131k g\u00fc\u00e7le ayd\u0131nlanma sa\u011flar.<\/p>\n<p>Korumal\u0131 g\u00fc\u00e7lendirilmi\u015f cam lensli, g\u00f6vdesi darbe dayan\u0131ml\u0131 termoplastik yap\u0131da ve antistatik muhafazal\u0131d\u0131r.<\/p>\n<p>2 adet 1,5 V. pil ile \u00e7al\u0131\u015f\u0131r ve 5 saatin \u00fczerinde ayd\u0131nlatma sa\u011flar.<\/p>\n<p>A\u011f\u0131rl\u0131\u011f\u0131 yakla\u015f\u0131k 150 \/ 190 gramd\u0131r.<\/p>\n<\/div>\n","protected":false},"excerpt":{"rendered":"<p><img loading=\"lazy\" decoding=\"async\" class=\"alignnone size-full wp-image-2955\" src=\"https:\/\/exzone.com.tr\/wp-content\/uploads\/2024\/04\/58bf376ac86977f.gif\" alt=\"\" width=\"100\" height=\"100\" \/> <img loading=\"lazy\" decoding=\"async\" class=\"alignnone size-full wp-image-2956\" src=\"https:\/\/exzone.com.tr\/wp-content\/uploads\/2024\/04\/41cac18d1c1c881.jpg\" alt=\"\" width=\"100\" height=\"100\" \/><\/p>\n<div>\n<p>WOLF TR-24B T6 EL FENER\u0130 (2 P\u0130LL\u0130-D\u0130K A\u00c7I) P\/N : 08010200<\/p>\n<p>WOLF TR-26B T6 EL FENER\u0130 (2 P\u0130LL\u0130-D\u0130K A\u00c7I) P\/N : 08010400<\/p>\n<p>TR 24B &#8211; II 2GD Ex eb ib IIB T4 Gb Ex tb IIIC T95\u00b0C Db (-20\u00b0C \u2264 Ta \u2264 +40\/55\u00b0C) standard\u0131na uygun olarak \u00fcretilmi\u015ftir.<\/p>\n<p>TR 26B\u00a0 &#8211; II 2GD Ex eb ib IIB T6 Gb Ex tb IIIC T65\u00b0C Db (-20\u00b0C \u2264 Ta \u2264 +40\u00b0C) \u00a0standard\u0131na uygun olarak \u00fcretilmi\u015ftir.<\/p>\n<p>ATEX sertifikas\u0131na sahiptirler.<\/p>\n<p>EN 60529:1992 standard\u0131na g\u00f6re IP 67 su ve toz korumas\u0131 mevcuttur.<\/p>\n<p>Zones 1 &amp; 2 Gaz gruplar\u0131\u00a0IIA, IIB &#8216;dir.<\/p>\n<\/div>\n","protected":false},"featured_media":2994,"comment_status":"open","ping_status":"closed","template":"","meta":[],"product_brand":[],"product_cat":[255,280,279],"product_tag":[],"class_list":{"0":"post-2993","1":"product","2":"type-product","3":"status-publish","4":"has-post-thumbnail","6":"product_cat-exproof-aydinlatma","7":"product_cat-exproof-el-feneri","8":"product_cat-exproof-portatif-aydinlatma","10":"first","11":"instock","12":"shipping-taxable","13":"product-type-simple"},"acf":[],"_links":{"self":[{"href":"https:\/\/exzone.com.tr\/index.php\/wp-json\/wp\/v2\/product\/2993","targetHints":{"allow":["GET"]}}],"collection":[{"href":"https:\/\/exzone.com.tr\/index.php\/wp-json\/wp\/v2\/product"}],"about":[{"href":"https:\/\/exzone.com.tr\/index.php\/wp-json\/wp\/v2\/types\/product"}],"replies":[{"embeddable":true,"href":"https:\/\/exzone.com.tr\/index.php\/wp-json\/wp\/v2\/comments?post=2993"}],"wp:featuredmedia":[{"embeddable":true,"href":"https:\/\/exzone.com.tr\/index.php\/wp-json\/wp\/v2\/media\/2994"}],"wp:attachment":[{"href":"https:\/\/exzone.com.tr\/index.php\/wp-json\/wp\/v2\/media?parent=2993"}],"wp:term":[{"taxonomy":"product_brand","embeddable":true,"href":"https:\/\/exzone.com.tr\/index.php\/wp-json\/wp\/v2\/product_brand?post=2993"},{"taxonomy":"product_cat","embeddable":true,"href":"https:\/\/exzone.com.tr\/index.php\/wp-json\/wp\/v2\/product_cat?post=2993"},{"taxonomy":"product_tag","embeddable":true,"href":"https:\/\/exzone.com.tr\/index.php\/wp-json\/wp\/v2\/product_tag?post=2993"}],"curies":[{"name":"wp","href":"https:\/\/api.w.org\/{rel}","templated":true}]}}