{"id":2988,"date":"2024-04-29T21:37:53","date_gmt":"2024-04-29T18:37:53","guid":{"rendered":"https:\/\/exzone.com.tr\/?post_type=product&#038;p=2988"},"modified":"2024-04-29T21:37:53","modified_gmt":"2024-04-29T18:37:53","slug":"wolf-m-85-ex-proof-midi-led-el-feneri","status":"publish","type":"product","link":"https:\/\/exzone.com.tr\/index.php\/urun\/wolf-m-85-ex-proof-midi-led-el-feneri\/","title":{"rendered":"Wolf M-85 Ex-proof Midi LED El Feneri"},"content":{"rendered":"<div id=\"teknikbilgiler\" class=\"productBlock blockMenu\">\n<h4>Teknik Bilgiler<\/h4>\n<p>II 1G Ex ia op is IIC T3\/T4 Ga IP67,\u00a0II 1D Ex ia op is IIIB T200\u00b0C Da<\/p>\n<p>Maden:\u00a0I M1 Ex ia I Ma IP67<\/p>\n<p>EN 60529:1992 standard\u0131na g\u00f6re IP67\u00a0su ve toz korumas\u0131 mevcuttur.<\/p>\n<p>Gaz gruplar\u0131:\u00a0Zones 0,\u00a0 Gaz gruplar\u0131: IIC<\/p>\n<p>Gaz s\u0131cakl\u0131k s\u0131n\u0131f\u0131: T3\/T4<\/p>\n<p>Toz gruplar\u0131: Zone 20, \u00a0Toz gruplar\u0131: IIIA, IIIB<\/p>\n<p>Maksimum toz s\u0131cakl\u0131k s\u0131n\u0131f\u0131: 200\u00b0C<\/p>\n<p>M-680 opsiyonel braketler sayesinde t\u00fcm end\u00fcstriyel baretleme tak\u0131lmas\u0131 m\u00fcmk\u00fcn olabilmektedir.<\/p>\n<p><u><strong>Dizayn:<\/strong><\/u><\/p>\n<p>Y\u00fcksek g\u00fc\u00e7te LED tipte kaynak ile 7 saatin \u00fczerinde kesintisiz tam parlakl\u0131kla geni\u015f a\u00e7\u0131l\u0131 ayd\u0131nlatma sa\u011flar.<\/p>\n<p>4 adet AA 1.5 voltluk alkali pil ile \u00e7al\u0131\u015f\u0131r.<\/p>\n<p>A\u011f\u0131rl\u0131\u011f\u0131 yakla\u015f\u0131k 190 gramd\u0131r.<\/p>\n<hr \/>\n<\/div>\n","protected":false},"excerpt":{"rendered":"<p>II 1G Ex ia op is IIC T3\/T4 Ga IP67,\u00a0II 1D Ex ia op is IIIB T200\u00b0C Da<\/p>\n<p>Maden:\u00a0I M1 Ex ia I Ma IP67<\/p>\n<p>EN 60529:1992 standard\u0131na g\u00f6re IP67\u00a0su ve toz korumas\u0131 mevcuttur.<\/p>\n<p>Gaz gruplar\u0131:\u00a0Zones 0,\u00a0 Gaz gruplar\u0131: IIC<\/p>\n<p>Gaz s\u0131cakl\u0131k s\u0131n\u0131f\u0131: T3\/T4<\/p>\n<p>Toz gruplar\u0131: Zone 20, \u00a0Toz gruplar\u0131: IIIA, IIIB<\/p>\n<p>Maksimum toz s\u0131cakl\u0131k s\u0131n\u0131f\u0131: 200\u00b0C<\/p>\n<p>M-680 opsiyonel braketler sayesinde t\u00fcm end\u00fcstriyel baretleme tak\u0131lmas\u0131 m\u00fcmk\u00fcn olabilmektedir.<\/p>\n<p>&nbsp;<\/p>\n","protected":false},"featured_media":2989,"comment_status":"open","ping_status":"closed","template":"","meta":[],"product_brand":[],"product_cat":[255,280,279],"product_tag":[],"class_list":{"0":"post-2988","1":"product","2":"type-product","3":"status-publish","4":"has-post-thumbnail","6":"product_cat-exproof-aydinlatma","7":"product_cat-exproof-el-feneri","8":"product_cat-exproof-portatif-aydinlatma","10":"first","11":"instock","12":"shipping-taxable","13":"product-type-simple"},"acf":[],"_links":{"self":[{"href":"https:\/\/exzone.com.tr\/index.php\/wp-json\/wp\/v2\/product\/2988","targetHints":{"allow":["GET"]}}],"collection":[{"href":"https:\/\/exzone.com.tr\/index.php\/wp-json\/wp\/v2\/product"}],"about":[{"href":"https:\/\/exzone.com.tr\/index.php\/wp-json\/wp\/v2\/types\/product"}],"replies":[{"embeddable":true,"href":"https:\/\/exzone.com.tr\/index.php\/wp-json\/wp\/v2\/comments?post=2988"}],"wp:featuredmedia":[{"embeddable":true,"href":"https:\/\/exzone.com.tr\/index.php\/wp-json\/wp\/v2\/media\/2989"}],"wp:attachment":[{"href":"https:\/\/exzone.com.tr\/index.php\/wp-json\/wp\/v2\/media?parent=2988"}],"wp:term":[{"taxonomy":"product_brand","embeddable":true,"href":"https:\/\/exzone.com.tr\/index.php\/wp-json\/wp\/v2\/product_brand?post=2988"},{"taxonomy":"product_cat","embeddable":true,"href":"https:\/\/exzone.com.tr\/index.php\/wp-json\/wp\/v2\/product_cat?post=2988"},{"taxonomy":"product_tag","embeddable":true,"href":"https:\/\/exzone.com.tr\/index.php\/wp-json\/wp\/v2\/product_tag?post=2988"}],"curies":[{"name":"wp","href":"https:\/\/api.w.org\/{rel}","templated":true}]}}