{"id":2741,"date":"2023-09-12T02:35:29","date_gmt":"2023-09-11T23:35:29","guid":{"rendered":"https:\/\/exzone.com.tr\/?post_type=product&#038;p=2741"},"modified":"2023-09-12T02:35:29","modified_gmt":"2023-09-11T23:35:29","slug":"bcz8060-series-exproof-grp-fis-ve-prizler","status":"publish","type":"product","link":"https:\/\/exzone.com.tr\/index.php\/urun\/bcz8060-series-exproof-grp-fis-ve-prizler\/","title":{"rendered":"BCZ8060 Series Exproof GRP Fi\u015f ve Prizler"},"content":{"rendered":"<div id=\"ContentPlaceHolder1_genelozellikler\" class=\"tab-content current\">\n<div>BCZ8060 Series Exproof GRP Fi\u015f ve Prizler<\/div>\n<div><\/div>\n<div>Zone 1,2,21,22<\/div>\n<div><\/div>\n<div>2P,3P,4P and 5P.<\/div>\n<div><\/div>\n<div>Global (IECEx) IECEx CQM 13.0043X<\/div>\n<div>Gaz ve toz Ex IIC T6 Gb Ex tb IIIC T80 \u2103 Db IP65<\/div>\n<div><\/div>\n<div>Avrupa (ATEX) EUT 14 ATEX 1153<\/div>\n<div>Gaz ve toz II 2 G Ex d e IIC T6 Gb II 2 D Ex tb IIIC T80 \u2103 Db IP65<\/div>\n<div><\/div>\n<div>Sertifikalar IECEx; ATEX; CU-TR<\/div>\n<div>Standartlara uygunluk TR; IEC<\/div>\n<div>Koruma derecesi IP65<\/div>\n<div>Ortam s\u0131cakl\u0131\u011f\u0131 -20 \u2103 ~ 55 \u2103<\/div>\n<div><\/div>\n<div>Malzeme GRP (cam elyaf takviyeli polyester re\u00e7ine)<\/div>\n<div>A\u011f\u0131rl\u0131k 0.35kg ~ 1.5kg<\/div>\n<div>boyutlar Tasar\u0131m ba\u015f\u0131na<\/div>\n<div>Muhafaza rengi Siyah<\/div>\n<div>A\u00e7\u0131k ba\u011flant\u0131 eleman\u0131 Paslanmaz \u00e7elik<\/div>\n<div>Anma gerilimi DC 36V, 24V<\/div>\n<div>Anma ak\u0131m\u0131 16A<\/div>\n<div>Kablo kesiti 2.5 ~ 4mm 2<\/div>\n<div>Kablo giri\u015fleri 2<\/div>\n<div>Kablo rakoru (iste\u011fe ba\u011fl\u0131) DQM-I (Ex e)<\/div>\n<div id=\"ContentPlaceHolder1_pnlTeknik\">\n<div class=\"technical-pro\">\n<div class=\"title\"><span id=\"ContentPlaceHolder1_lblTeknik\">Teknik \u00d6zellikler<\/span><\/div>\n<p><img decoding=\"async\" src=\"https:\/\/www.eksproof.com\/Upload\/Editor\/images\/4_BCZ8060_Serisi_Exproof_Fi%c5%9f_ve_Priz_Warom_sipari%c5%9f.jpg\" alt=\"\" \/><\/p>\n<\/div>\n<\/div>\n<\/div>\n","protected":false},"excerpt":{"rendered":"<p>BCZ8060 Series Exproof GRP Fi\u015f ve Prizler Zone 1,2,21,22 2P,3P,4P and 5P. Global (IECEx) IECEx CQM 13.0043X Gaz ve toz Ex IIC T6 Gb Ex tb IIIC T80 \u2103 Db IP65 Avrupa (ATEX) EUT 14 ATEX 1153 Gaz ve toz II 2 G Ex d e IIC T6 Gb II 2 D Ex tb IIIC [&hellip;]<\/p>\n","protected":false},"featured_media":2742,"comment_status":"open","ping_status":"closed","template":"","meta":[],"product_brand":[],"product_cat":[261],"product_tag":[],"class_list":{"0":"post-2741","1":"product","2":"type-product","3":"status-publish","4":"has-post-thumbnail","6":"product_cat-exproof-fis-priz","8":"first","9":"instock","10":"shipping-taxable","11":"product-type-simple"},"acf":[],"_links":{"self":[{"href":"https:\/\/exzone.com.tr\/index.php\/wp-json\/wp\/v2\/product\/2741","targetHints":{"allow":["GET"]}}],"collection":[{"href":"https:\/\/exzone.com.tr\/index.php\/wp-json\/wp\/v2\/product"}],"about":[{"href":"https:\/\/exzone.com.tr\/index.php\/wp-json\/wp\/v2\/types\/product"}],"replies":[{"embeddable":true,"href":"https:\/\/exzone.com.tr\/index.php\/wp-json\/wp\/v2\/comments?post=2741"}],"wp:featuredmedia":[{"embeddable":true,"href":"https:\/\/exzone.com.tr\/index.php\/wp-json\/wp\/v2\/media\/2742"}],"wp:attachment":[{"href":"https:\/\/exzone.com.tr\/index.php\/wp-json\/wp\/v2\/media?parent=2741"}],"wp:term":[{"taxonomy":"product_brand","embeddable":true,"href":"https:\/\/exzone.com.tr\/index.php\/wp-json\/wp\/v2\/product_brand?post=2741"},{"taxonomy":"product_cat","embeddable":true,"href":"https:\/\/exzone.com.tr\/index.php\/wp-json\/wp\/v2\/product_cat?post=2741"},{"taxonomy":"product_tag","embeddable":true,"href":"https:\/\/exzone.com.tr\/index.php\/wp-json\/wp\/v2\/product_tag?post=2741"}],"curies":[{"name":"wp","href":"https:\/\/api.w.org\/{rel}","templated":true}]}}