{"id":2252,"date":"2023-01-14T01:37:03","date_gmt":"2023-01-13T22:37:03","guid":{"rendered":"https:\/\/exzone.com.tr\/?post_type=product&#038;p=2252"},"modified":"2024-05-02T03:41:23","modified_gmt":"2024-05-02T00:41:23","slug":"petzl-duo-z1-kafa-feneri","status":"publish","type":"product","link":"https:\/\/exzone.com.tr\/index.php\/urun\/petzl-duo-z1-kafa-feneri\/","title":{"rendered":"PETZL DUO Z1 Kafa Feneri"},"content":{"rendered":"<p>ATEX tehlikesi olan alanlarda kullan\u0131m i\u00e7in sertifikaland\u0131r\u0131lm\u0131\u015f FACE2FACE g\u00f6z kama\u015fmas\u0131n\u0131 \u00f6nleyici i\u015flevi olan, g\u00fc\u00e7l\u00fc, yeniden \u015farj edilebilir, \u00e7ok huzmeli kafa feneri. 360 l\u00fcmen<\/p>\n<p>DUO Z1, \u015farj edilebilir bir bataryayla \u00e7al\u0131\u015fan, BOOST modunda maksimum 360 l\u00fcmen ayd\u0131nlatma g\u00fcc\u00fcne sahip bir kafa feneridir. I\u015f\u0131\u011f\u0131 \u00e7ok huzmelidir ve sahip oldu\u011fu d\u00f6rt ayd\u0131nlatma modu farkl\u0131 durumlara adapte olmas\u0131n\u0131 sa\u011flar: yak\u0131n mesafe ayd\u0131nlatmas\u0131, yak\u0131n ayd\u0131nlatmas\u0131, harekete uygun ayd\u0131nlatma ve uzak mesafe ayd\u0131nlatmas\u0131. FACE2FACE g\u00f6z kama\u015fmas\u0131n\u0131 \u00f6nleme i\u015flevine sahip olan DUO Z1 kafa feneri, ekip olarak \u00e7al\u0131\u015fan ki\u015filerin birbirlerinin g\u00f6r\u00fc\u015f\u00fcn\u00fc etkilemeden birbirlerine bakmalar\u0131n\u0131 ve bu \u015fekilde birlikte daha etkili \u00e7al\u0131\u015fmalar\u0131n\u0131 sa\u011flar. Birlikte verilen montaj plakalar\u0131 sayesinde VERTEX ve STRATO kasklar\u0131na tak\u0131labilir. Tehlikeli alanlarda \u00e7al\u0131\u015fmak i\u00e7in ATEX zone 1\/21 (II 2 GD Ex ib IIB T4 Gb IIIB T135 \u00b0 C Db) sertifikasyon gerekliliklerini kar\u015f\u0131lar.<\/p>\n<p><iframe loading=\"lazy\" title=\"PETZL - DUO Kafa Fenerleri\" src=\"https:\/\/www.youtube.com\/embed\/LPvJ3fxYwac?feature=oembed\" width=\"1170\" height=\"658\" frameborder=\"0\" allowfullscreen=\"allowfullscreen\" data-mce-fragment=\"1\"><\/iframe><\/p>\n<p><b>Detayl\u0131 A\u00e7\u0131klama:<\/b><\/p>\n<p><b>D\u00f6rt farkl\u0131 mod ve BOOST \u00f6zelli\u011fi ile parlakl\u0131k farkl\u0131 \u00e7al\u0131\u015fma ko\u015fullar\u0131na g\u00f6re ayarlanabilir:<\/b><\/p>\n<ul>\n<li>Yak\u0131n Mesafe Ayd\u0131nlatmas\u0131: d\u00fc\u015f\u00fck yo\u011funluklu da\u011f\u0131n\u0131k \u0131\u015f\u0131k pil \u00f6mr\u00fcn\u00fc en \u00fcst d\u00fczeye \u00e7\u0131kart\u0131r.<\/li>\n<li>Yak\u0131n Ayd\u0131nlatmas\u0131: Yak\u0131n\u0131 konforlu bir \u015fekilde g\u00f6rebilmek i\u00e7in uygun parlakl\u0131\u011fa sahip kar\u0131\u015f\u0131k \u0131\u015f\u0131k<\/li>\n<li>Harekete Uygun Ayd\u0131nlatma: Odakl\u0131 \u0131\u015f\u0131k i\u00e7eren kar\u0131\u015f\u0131k \u0131\u015f\u0131k hareket kolayl\u0131\u011f\u0131 sa\u011flar<\/li>\n<li>Uzak Mesafe Ayd\u0131nlatmas\u0131: Uzak mesafeyi g\u00f6rmeye yarayan y\u00fcksek odakl\u0131 \u0131\u015f\u0131k<\/li>\n<li>BOOST modu k\u0131sa s\u00fcreli\u011fine 360 l\u00fcmenlik maksimum g\u00fc\u00e7 sa\u011flar<\/li>\n<\/ul>\n<p><b>Tehlikeli alanlarda \u00e7al\u0131\u015fmak i\u00e7in gereken ATEX zone 1\/21 (II 2 GD Ex ib IIB T4 Gb IIIB T135 \u00b0 C Db) sertifikalar\u0131na sahip bir fenerdir.<\/b><\/p>\n<p><b>FACE2FACE g\u00f6z kama\u015fmas\u0131n\u0131 \u00f6nleme i\u015flevi sayesinde grup olarak \u00e7al\u0131\u015f\u0131rken g\u00fcvenlik ve konfor: iki veya daha fazla \u0131\u015f\u0131k \u00e7ak\u0131\u015ft\u0131\u011f\u0131nda \u0131\u015f\u0131k otomatik olarak k\u0131s\u0131l\u0131r, b\u00f6ylece DUO kafa fenerlerini kullananlar birbirlerinin g\u00f6zlerini kama\u015ft\u0131rmadan birbirlerine bakabilirler<\/b><\/p>\n<p><b>CONSTANT LIGHTNING teknolojisi: zaman i\u00e7inde \u0131\u015f\u0131k miktar\u0131n\u0131n azalmadan sabit kalmas\u0131n\u0131 sa\u011flar, uzun \u00e7al\u0131\u015fma periyotlar\u0131 boyunca kullanmak i\u00e7in idealdir<\/b><\/p>\n<p><b>\u015earj edilebilir pil:<\/b><\/p>\n<ul>\n<li>Lityum-\u0130yon batarya, 6400 mAh, 3.7 V, 23.68 Wh<\/li>\n<li>Sekiz saatte \u015farj edilebilir<\/li>\n<li>\u015earj g\u00f6stergesi<\/li>\n<li>\u00c7\u0131kar\u0131labilir ve de\u011fi\u015ftirilebilir (aksesuar olarak bulunur)<\/li>\n<li>ACCU 2 DUO Z1 \u015farj cihaz\u0131 (dahil)<\/li>\n<\/ul>\n<p><b>G\u00fcvenilirlik ve ergonomi:<\/b><\/p>\n<ul>\n<li>Ba\u015f\u0131n arkas\u0131na tak\u0131lan pil haznesi sayesinde dengelidir<\/li>\n<li>Mod ayar\u0131 d\u00fc\u011fmesinin kullan\u0131m\u0131 eldivenlerle bile kolayd\u0131r<\/li>\n<li>Ta\u015f\u0131ma veya depolama s\u0131ras\u0131nda yanl\u0131\u015fl\u0131kla a\u00e7\u0131lmas\u0131n\u0131 \u00f6nlemek i\u00e7in elektronik kilitleme sistemi vard\u0131r<\/li>\n<\/ul>\n<p><b>Sa\u011flam:<\/b><\/p>\n<ul>\n<li>IP 67 (tatl\u0131 suda 30 dakika boyunca -1 metreye kadar su ge\u00e7irmez)<\/li>\n<li>D\u00fc\u015fme, darbe ve ezilmeye kar\u015f\u0131 m\u00fckemmel diren\u00e7<\/li>\n<\/ul>\n<p><b>\u00d6zellikler:<\/b><\/p>\n<p><b>G\u00fc\u00e7:\u00a0<\/b>360 l\u00fcmen<\/p>\n<p><b>A\u011f\u0131rl\u0131k:\u00a0<\/b>370 g<\/p>\n<p><b>Teknoloji:\u00a0<\/b>CONSTANT LIGHTING<\/p>\n<p><b>I\u015f\u0131k T\u00fcrleri:\u00a0<\/b>da\u011f\u0131n\u0131k, kar\u0131\u015f\u0131k, odakl\u0131<\/p>\n<p><b>Pil:\u00a0<\/b>Lityum-\u0130yon ACCU 2 DUO Z1 pil (dahil)<\/p>\n<p><b>\u015earj s\u00fcresi:\u00a0<\/b>8 saat<\/p>\n<p><b>Su ge\u00e7irmezlik:\u00a0<\/b>IP 67<\/p>\n<p><b>Kafa feneri VERTEX ve STRATO kasklar\u0131 i\u00e7in iki montaj plakas\u0131 ve 110\/240 V \u015farj \u00fcnitesi ile gelir<\/b><\/p>\n<div>\n<table class=\"table table-striped\">\n<tbody>\n<tr>\n<td>Referanslar<\/td>\n<td>E80BHR<\/td>\n<\/tr>\n<tr>\n<td>Sertifikalar: CE, II 2 GD Ex ib IIB T4 Gb IIIB T135\u00b0 C Db oda s\u0131cakl\u0131\u011f\u0131: -20\u00b0 C ila +40\u00b0 C<\/td>\n<\/tr>\n<tr>\n<td>Renk<\/td>\n<td>siyah\/sar\u0131<\/td>\n<\/tr>\n<tr>\n<td>Garanti<\/td>\n<td>3 y\u0131l<\/td>\n<\/tr>\n<tr>\n<td>Paket<\/td>\n<td>1<\/td>\n<\/tr>\n<\/tbody>\n<\/table>\n<\/div>\n<p>&nbsp;<\/p>\n<div>\n<table class=\"table table-striped\">\n<tbody>\n<tr>\n<td><strong>Ayd\u0131nlatma teknolojisi<\/strong><\/td>\n<td><strong>Ayd\u0131nlatma modu<\/strong><\/td>\n<td><strong>I\u015f\u0131k t\u00fcr\u00fc<\/strong><\/td>\n<td><strong>Parlakl\u0131k<\/strong><\/td>\n<td><strong>Mesafe<\/strong><\/td>\n<td><strong>Yanma s\u00fcresi<\/strong><\/td>\n<td><strong>Rezerv modu<\/strong><\/td>\n<\/tr>\n<tr>\n<td rowspan=\"5\">CONSTANT LIGHTING<\/td>\n<td>yak\u0131n mesafe \u00e7al\u0131\u015fma<\/td>\n<td>da\u011f\u0131n\u0131k<\/td>\n<td>70 lm<\/td>\n<td>20 m<\/td>\n<td>23 s<\/td>\n<td rowspan=\"4\">10 lm 1s30<\/td>\n<\/tr>\n<tr>\n<td>yak\u0131n<\/td>\n<td rowspan=\"2\">kar\u0131\u015f\u0131k<\/td>\n<td>170 lm<\/td>\n<td>35 m<\/td>\n<td>12 s<\/td>\n<\/tr>\n<tr>\n<td>hareket<\/td>\n<td>300 lm<\/td>\n<td>90 m<\/td>\n<td>7 s<\/td>\n<\/tr>\n<tr>\n<td>uzak mesafe<\/td>\n<td>odakl\u0131<\/td>\n<td>140 lm<\/td>\n<td>100 m<\/td>\n<td>17 s<\/td>\n<\/tr>\n<tr>\n<td>BOOST modu<\/td>\n<td>kar\u0131\u015f\u0131k<\/td>\n<td>360 lm<\/td>\n<td>115 m<\/td>\n<\/tr>\n<\/tbody>\n<\/table>\n<\/div>\n","protected":false},"excerpt":{"rendered":"<p>ATEX tehlikesi olan alanlarda kullan\u0131m i\u00e7in sertifikaland\u0131r\u0131lm\u0131\u015f FACE2FACE g\u00f6z kama\u015fmas\u0131n\u0131 \u00f6nleyici i\u015flevi olan, g\u00fc\u00e7l\u00fc, yeniden \u015farj edilebilir, \u00e7ok huzmeli kafa feneri. 360 l\u00fcmen DUO Z1, \u015farj edilebilir bir bataryayla \u00e7al\u0131\u015fan, BOOST modunda maksimum 360 l\u00fcmen ayd\u0131nlatma g\u00fcc\u00fcne sahip bir kafa feneridir. I\u015f\u0131\u011f\u0131 \u00e7ok huzmelidir ve sahip oldu\u011fu d\u00f6rt ayd\u0131nlatma modu farkl\u0131 durumlara adapte olmas\u0131n\u0131 sa\u011flar: [&hellip;]<\/p>\n","protected":false},"featured_media":2253,"comment_status":"open","ping_status":"closed","template":"","meta":[],"product_brand":[],"product_cat":[247],"product_tag":[],"class_list":{"0":"post-2252","1":"product","2":"type-product","3":"status-publish","4":"has-post-thumbnail","6":"product_cat-exproof-kafa-fenerleri","8":"first","9":"instock","10":"shipping-taxable","11":"product-type-simple"},"acf":[],"_links":{"self":[{"href":"https:\/\/exzone.com.tr\/index.php\/wp-json\/wp\/v2\/product\/2252","targetHints":{"allow":["GET"]}}],"collection":[{"href":"https:\/\/exzone.com.tr\/index.php\/wp-json\/wp\/v2\/product"}],"about":[{"href":"https:\/\/exzone.com.tr\/index.php\/wp-json\/wp\/v2\/types\/product"}],"replies":[{"embeddable":true,"href":"https:\/\/exzone.com.tr\/index.php\/wp-json\/wp\/v2\/comments?post=2252"}],"wp:featuredmedia":[{"embeddable":true,"href":"https:\/\/exzone.com.tr\/index.php\/wp-json\/wp\/v2\/media\/2253"}],"wp:attachment":[{"href":"https:\/\/exzone.com.tr\/index.php\/wp-json\/wp\/v2\/media?parent=2252"}],"wp:term":[{"taxonomy":"product_brand","embeddable":true,"href":"https:\/\/exzone.com.tr\/index.php\/wp-json\/wp\/v2\/product_brand?post=2252"},{"taxonomy":"product_cat","embeddable":true,"href":"https:\/\/exzone.com.tr\/index.php\/wp-json\/wp\/v2\/product_cat?post=2252"},{"taxonomy":"product_tag","embeddable":true,"href":"https:\/\/exzone.com.tr\/index.php\/wp-json\/wp\/v2\/product_tag?post=2252"}],"curies":[{"name":"wp","href":"https:\/\/api.w.org\/{rel}","templated":true}]}}