{"id":2133,"date":"2023-01-14T00:58:36","date_gmt":"2023-01-13T21:58:36","guid":{"rendered":"https:\/\/exzone.com.tr\/?post_type=product&#038;p=2133"},"modified":"2024-05-02T03:41:21","modified_gmt":"2024-05-02T00:41:21","slug":"petzl-string-karabina-konumlandirici-aksesuar-10-lu-paket","status":"publish","type":"product","link":"https:\/\/exzone.com.tr\/index.php\/urun\/petzl-string-karabina-konumlandirici-aksesuar-10-lu-paket\/","title":{"rendered":"PETZL STRING Karabina Konumland\u0131r\u0131c\u0131 Aksesuar &#8211; 10 lu Paket"},"content":{"rendered":"<p>Ekspres perlonunu korumak ve karabinan\u0131n y\u00f6n\u00fcn\u00fc sabitlemek i\u00e7in aksesuar<\/p>\n<p>STRING\u2019in iki i\u015flevi vard\u0131r: Ekspresin ip taraf\u0131nda kalan karabinas\u0131n\u0131n y\u00f6n\u00fcn\u00fcn sabitlenmesine yarar, karabinan\u0131n tak\u0131ld\u0131\u011f\u0131 ekspres perlonunu a\u015f\u0131nmaya kar\u015f\u0131 korur. \u015eeffaf olmas\u0131 sayesinde kullan\u0131c\u0131, aksesuar\u0131n ekspres perlonunun i\u00e7ine d\u00fczg\u00fcn bir \u015fekilde tak\u0131l\u0131p tak\u0131lmad\u0131\u011f\u0131n\u0131 kontrol edebilir.<\/p>\n<p><b>Detayl\u0131 A\u00e7\u0131klama:<\/b><\/p>\n<p><strong>15 \u2013 20 mm geni\u015fli\u011finde ekspres perlonlar\u0131na uygundur<\/strong><\/p>\n<p><strong>Aksesuar\u0131n ekspres perlonunun i\u00e7ine d\u00fczg\u00fcn bir \u015fekilde tak\u0131l\u0131p tak\u0131lmad\u0131\u011f\u0131n\u0131 kontrol edebilmek i\u00e7in, \u015feffaf<\/strong><\/p>\n<p><b>\u00d6zellikler:<\/b><br \/>\n<b>Materyal:\u00a0<\/b>TPE (termoplastik elastomer)<\/p>\n<table class=\"table table-striped\">\n<tbody>\n<tr>\n<th><strong>Referanslar<\/strong><\/th>\n<th>M090AA00<\/th>\n<th>M090AA01<\/th>\n<\/tr>\n<tr>\n<td><strong>Boyut<\/strong><\/td>\n<td>L<\/td>\n<td>XL<\/td>\n<\/tr>\n<tr>\n<td><strong>A\u011f\u0131rl\u0131k<\/strong><\/td>\n<td>5 g<\/td>\n<td>10 g<\/td>\n<\/tr>\n<tr>\n<td><strong>Garanti<\/strong><\/td>\n<td>3 y\u0131l<\/td>\n<td>3 y\u0131l<\/td>\n<\/tr>\n<tr>\n<td><strong>Paket<\/strong><\/td>\n<td>1<\/td>\n<td>1<\/td>\n<\/tr>\n<\/tbody>\n<\/table>\n","protected":false},"excerpt":{"rendered":"<p>Ekspres perlonunu korumak ve karabinan\u0131n y\u00f6n\u00fcn\u00fc sabitlemek i\u00e7in aksesuar STRING\u2019in iki i\u015flevi vard\u0131r: Ekspresin ip taraf\u0131nda kalan karabinas\u0131n\u0131n y\u00f6n\u00fcn\u00fcn sabitlenmesine yarar, karabinan\u0131n tak\u0131ld\u0131\u011f\u0131 ekspres perlonunu a\u015f\u0131nmaya kar\u015f\u0131 korur. \u015eeffaf olmas\u0131 sayesinde kullan\u0131c\u0131, aksesuar\u0131n ekspres perlonunun i\u00e7ine d\u00fczg\u00fcn bir \u015fekilde tak\u0131l\u0131p tak\u0131lmad\u0131\u011f\u0131n\u0131 kontrol edebilir. Detayl\u0131 A\u00e7\u0131klama: 15 \u2013 20 mm geni\u015fli\u011finde ekspres perlonlar\u0131na uygundur Aksesuar\u0131n ekspres [&hellip;]<\/p>\n","protected":false},"featured_media":2134,"comment_status":"open","ping_status":"closed","template":"","meta":[],"product_brand":[],"product_cat":[246],"product_tag":[],"class_list":{"0":"post-2133","1":"product","2":"type-product","3":"status-publish","4":"has-post-thumbnail","6":"product_cat-karabinalar","8":"first","9":"instock","10":"shipping-taxable","11":"product-type-simple"},"acf":[],"_links":{"self":[{"href":"https:\/\/exzone.com.tr\/index.php\/wp-json\/wp\/v2\/product\/2133","targetHints":{"allow":["GET"]}}],"collection":[{"href":"https:\/\/exzone.com.tr\/index.php\/wp-json\/wp\/v2\/product"}],"about":[{"href":"https:\/\/exzone.com.tr\/index.php\/wp-json\/wp\/v2\/types\/product"}],"replies":[{"embeddable":true,"href":"https:\/\/exzone.com.tr\/index.php\/wp-json\/wp\/v2\/comments?post=2133"}],"wp:featuredmedia":[{"embeddable":true,"href":"https:\/\/exzone.com.tr\/index.php\/wp-json\/wp\/v2\/media\/2134"}],"wp:attachment":[{"href":"https:\/\/exzone.com.tr\/index.php\/wp-json\/wp\/v2\/media?parent=2133"}],"wp:term":[{"taxonomy":"product_brand","embeddable":true,"href":"https:\/\/exzone.com.tr\/index.php\/wp-json\/wp\/v2\/product_brand?post=2133"},{"taxonomy":"product_cat","embeddable":true,"href":"https:\/\/exzone.com.tr\/index.php\/wp-json\/wp\/v2\/product_cat?post=2133"},{"taxonomy":"product_tag","embeddable":true,"href":"https:\/\/exzone.com.tr\/index.php\/wp-json\/wp\/v2\/product_tag?post=2133"}],"curies":[{"name":"wp","href":"https:\/\/api.w.org\/{rel}","templated":true}]}}