{"id":2093,"date":"2023-01-14T00:43:00","date_gmt":"2023-01-13T21:43:00","guid":{"rendered":"https:\/\/exzone.com.tr\/?post_type=product&#038;p=2093"},"modified":"2024-05-02T03:41:21","modified_gmt":"2024-05-02T00:41:21","slug":"petzl-omni-cok-yone-cekerli-kilitli-karabina","status":"publish","type":"product","link":"https:\/\/exzone.com.tr\/index.php\/urun\/petzl-omni-cok-yone-cekerli-kilitli-karabina\/","title":{"rendered":"PETZL OMNI \u00c7ok Y\u00f6ne \u00c7ekerli Kilitli Karabina"},"content":{"rendered":"<p>\u00c7ok y\u00f6ne \u00e7ekerli yar\u0131m daire karabina<\/p>\n<p>FALCON ASCENT emniyet kemerini sabitlemek ve CROLL g\u00f6\u011f\u00fcs jumar\u0131n\u0131 takmak i\u00e7in kullan\u0131lan \u00e7ok y\u00f6ne \u00e7ekerli OMNI yar\u0131m daire karabina. \u0130ki kilitleme sistemi ile mevcuttur: otomatik TRIACT-LOCK kilit sistemi veya manuel SCREW-LOCK kilit sistemi<\/p>\n<p><b>\u00c7ok y\u00f6nl\u00fc karabina:<\/b><\/p>\n<ul>\n<li>&#8211; FALCON ASCENT emniyet kemerinin iki ba\u011flant\u0131 noktas\u0131n\u0131 birle\u015ftirmek i\u00e7in<\/li>\n<li>&#8211; CROLL g\u00f6\u011f\u00fcs jumar\u0131n\u0131 takmak i\u00e7in (FALCON ASCENT))<\/li>\n<\/ul>\n<p><b>Minimum K\u0131r\u0131lma Y\u00fck\u00fc: 15kn (t\u00fcm y\u00f6nlerde)<\/b><\/p>\n<p><b>Hareket halindeyken istemsiz tak\u0131lmalar\u0131 \u00f6nlemek i\u00e7in Keylock kilitleme sistemi.<\/b><\/p>\n<p><b>Karabinan\u0131n kilitli olup olmad\u0131\u011f\u0131n\u0131 g\u00f6steren k\u0131rm\u0131z\u0131 indikat\u00f6re sahip manuel vidal\u0131 kilit (SCREW-LOCK versiyonunda).<\/b><\/p>\n<p><b>\u0130ki farkl\u0131 kilitleme sistemi ile mevcut:<\/b><\/p>\n<ul>\n<li>&#8211; TRIACT-LOCK: \u00fc\u00e7 hareketli otomatik kilitleme sistemi<\/li>\n<li>&#8211; SCREW-LOCK: karabinan\u0131n kilitli olup olmad\u0131\u011f\u0131n\u0131 g\u00f6steren k\u0131rm\u0131z\u0131 indikat\u00f6re sahip manuel vidal\u0131 kilit<\/li>\n<\/ul>\n<p><b>Siyah renkte de mevcuttur.<\/b><\/p>\n<p><b>\u00d6zellikler:<\/b><\/p>\n<p><b>Materyal:\u00a0<\/b>al\u00fcminyum<\/p>\n<p><b>Sertifikalar:\u00a0<\/b>CE EN 362<\/p>\n<table class=\"table table-striped\">\n<tbody>\n<tr>\n<td><strong>Referanslar<\/strong><\/td>\n<td><strong>M37 TL<\/strong><\/td>\n<td><strong>M37 SL<\/strong><\/td>\n<\/tr>\n<tr>\n<td><strong>A\u011f\u0131rl\u0131k<\/strong><\/td>\n<td>90 g<\/td>\n<td>85 g<\/td>\n<\/tr>\n<tr>\n<td><strong>Kilit sistemi<\/strong><\/td>\n<td>TRIACT-LOCK<\/td>\n<td>SCREW-LOCK<\/td>\n<\/tr>\n<tr>\n<td><strong>Renk<\/strong><\/td>\n<td>gri<\/td>\n<td>gri<\/td>\n<\/tr>\n<tr>\n<td><strong>Ana eksen k\u0131r\u0131lma y\u00fck\u00fc\u00a0<\/strong><\/td>\n<td>20 kN<\/td>\n<td>20 kN<\/td>\n<\/tr>\n<tr>\n<td><strong>\u0130kincil eksen k\u0131r\u0131lma y\u00fck\u00fc\u00a0<\/strong><\/td>\n<td>15 kN<\/td>\n<td>15 kN<\/td>\n<\/tr>\n<tr>\n<td><strong>A\u00e7\u0131k kap\u0131l\u0131 k\u0131r\u0131lma y\u00fck\u00fc\u00a0<\/strong><\/td>\n<td>7 kN<\/td>\n<td>7 kN<\/td>\n<\/tr>\n<tr>\n<td><strong>Kap\u0131 a\u00e7\u0131kl\u0131\u011f\u0131<\/strong><\/td>\n<td>22 mm<\/td>\n<td>22 mm<\/td>\n<\/tr>\n<tr>\n<td><strong>Garanti<\/strong><\/td>\n<td>3 y\u0131l<\/td>\n<td>3 y\u0131l<\/td>\n<\/tr>\n<tr>\n<td><strong>Paket<\/strong><\/td>\n<td>10<\/td>\n<td>10<\/td>\n<\/tr>\n<\/tbody>\n<\/table>\n","protected":false},"excerpt":{"rendered":"<p>\u00c7ok y\u00f6ne \u00e7ekerli yar\u0131m daire karabina FALCON ASCENT emniyet kemerini sabitlemek ve CROLL g\u00f6\u011f\u00fcs jumar\u0131n\u0131 takmak i\u00e7in kullan\u0131lan \u00e7ok y\u00f6ne \u00e7ekerli OMNI yar\u0131m daire karabina. \u0130ki kilitleme sistemi ile mevcuttur: otomatik TRIACT-LOCK kilit sistemi veya manuel SCREW-LOCK kilit sistemi \u00c7ok y\u00f6nl\u00fc karabina: &#8211; FALCON ASCENT emniyet kemerinin iki ba\u011flant\u0131 noktas\u0131n\u0131 birle\u015ftirmek i\u00e7in &#8211; CROLL g\u00f6\u011f\u00fcs [&hellip;]<\/p>\n","protected":false},"featured_media":2094,"comment_status":"open","ping_status":"closed","template":"","meta":[],"product_brand":[],"product_cat":[246],"product_tag":[],"class_list":{"0":"post-2093","1":"product","2":"type-product","3":"status-publish","4":"has-post-thumbnail","6":"product_cat-karabinalar","8":"first","9":"instock","10":"shipping-taxable","11":"product-type-simple"},"acf":[],"_links":{"self":[{"href":"https:\/\/exzone.com.tr\/index.php\/wp-json\/wp\/v2\/product\/2093","targetHints":{"allow":["GET"]}}],"collection":[{"href":"https:\/\/exzone.com.tr\/index.php\/wp-json\/wp\/v2\/product"}],"about":[{"href":"https:\/\/exzone.com.tr\/index.php\/wp-json\/wp\/v2\/types\/product"}],"replies":[{"embeddable":true,"href":"https:\/\/exzone.com.tr\/index.php\/wp-json\/wp\/v2\/comments?post=2093"}],"wp:featuredmedia":[{"embeddable":true,"href":"https:\/\/exzone.com.tr\/index.php\/wp-json\/wp\/v2\/media\/2094"}],"wp:attachment":[{"href":"https:\/\/exzone.com.tr\/index.php\/wp-json\/wp\/v2\/media?parent=2093"}],"wp:term":[{"taxonomy":"product_brand","embeddable":true,"href":"https:\/\/exzone.com.tr\/index.php\/wp-json\/wp\/v2\/product_brand?post=2093"},{"taxonomy":"product_cat","embeddable":true,"href":"https:\/\/exzone.com.tr\/index.php\/wp-json\/wp\/v2\/product_cat?post=2093"},{"taxonomy":"product_tag","embeddable":true,"href":"https:\/\/exzone.com.tr\/index.php\/wp-json\/wp\/v2\/product_tag?post=2093"}],"curies":[{"name":"wp","href":"https:\/\/api.w.org\/{rel}","templated":true}]}}