{"id":2000,"date":"2023-01-11T23:50:54","date_gmt":"2023-01-11T20:50:54","guid":{"rendered":"https:\/\/exzone.com.tr\/?post_type=product&#038;p=2000"},"modified":"2024-05-02T03:41:20","modified_gmt":"2024-05-02T00:41:20","slug":"petzl-grillon-icin-yedek-ip","status":"publish","type":"product","link":"https:\/\/exzone.com.tr\/index.php\/urun\/petzl-grillon-icin-yedek-ip\/","title":{"rendered":"PETZL GRILLON \u0130\u00e7in Yedek \u0130p"},"content":{"rendered":"<p>GRILLON i\u00e7in yedek ip<\/p>\n<p>GRILLON, GRILLON ankraj ve GRILLON ya\u015fam hatt\u0131 i\u00e7in yedek ip.<\/p>\n<p><strong>Detayl\u0131 A\u00e7\u0131klama:<\/strong><\/p>\n<ul>\n<li>Yedi uzunlukta ve iki renkte mevcut ip<\/li>\n<li>GRILLON ve GRILLON ankraj i\u00e7in 2, 3, 4 ve 5 m halat uzunluklar\u0131<\/li>\n<li>GRILLON ya\u015fam hatt\u0131 i\u00e7in 5, 10, 15 ve 20 m halat uzunluklar\u0131<\/li>\n<li>Eski s\u00fcr\u00fcmlerle (2018\u2019den \u00f6nce) ve daha yeni s\u00fcr\u00fcmlerle (2018\u2019den sonra) kullan\u0131labilir<\/li>\n<\/ul>\n<table class=\"table table-striped\">\n<tbody>\n<tr>\n<th>Referanslar<\/th>\n<th>L052FA00<\/th>\n<th>L052FA01<\/th>\n<th>L052FA02<\/th>\n<th>L052FA03<\/th>\n<th>L052FA04<\/th>\n<th>L052FA05<\/th>\n<\/tr>\n<tr>\n<td>Uzunluk<\/td>\n<td>2 m<\/td>\n<td>3 m<\/td>\n<td>4 m<\/td>\n<td>5 m<\/td>\n<td>10 m<\/td>\n<td>15 m<\/td>\n<\/tr>\n<tr>\n<td>Renk<\/td>\n<td>beyaz\/sar\u0131<\/td>\n<td>beyaz\/sar\u0131<\/td>\n<td>beyaz\/sar\u0131<\/td>\n<td>beyaz\/sar\u0131<\/td>\n<td>beyaz\/sar\u0131<\/td>\n<td>beyaz\/sar\u0131<\/td>\n<\/tr>\n<tr>\n<td>Garanti<\/td>\n<td>3\u00a0y\u0131l<\/td>\n<td>3 y\u0131l<\/td>\n<td>3 y\u0131l<\/td>\n<td>3 y\u0131l<\/td>\n<td>3 y\u0131l<\/td>\n<td>3 y\u0131l<\/td>\n<\/tr>\n<tr>\n<td>Paket<\/td>\n<td>1<\/td>\n<td>1<\/td>\n<td>1<\/td>\n<td>1<\/td>\n<td>1<\/td>\n<td>1<\/td>\n<\/tr>\n<\/tbody>\n<\/table>\n<table class=\"table table-striped\">\n<tbody>\n<tr>\n<th>Referanslar<\/th>\n<th>L052FA06<\/th>\n<th>L052FA07<\/th>\n<th>L052FA08<\/th>\n<\/tr>\n<tr>\n<td>Uzunluk<\/td>\n<td>20 m<\/td>\n<td>2 m<\/td>\n<td>3 m<\/td>\n<\/tr>\n<tr>\n<td>Renk<\/td>\n<td>beyaz\/sar\u0131<\/td>\n<td>siyah<\/td>\n<td>siyah<\/td>\n<\/tr>\n<tr>\n<td>Garanti<\/td>\n<td>3 y\u0131l<\/td>\n<td>3 y\u0131l<\/td>\n<td>3 y\u0131l<\/td>\n<\/tr>\n<tr>\n<td>Paket<\/td>\n<td>1<\/td>\n<td>1<\/td>\n<td>1<\/td>\n<\/tr>\n<\/tbody>\n<\/table>\n","protected":false},"excerpt":{"rendered":"<p>GRILLON i\u00e7in yedek ip GRILLON, GRILLON ankraj ve GRILLON ya\u015fam hatt\u0131 i\u00e7in yedek ip. Detayl\u0131 A\u00e7\u0131klama: Yedi uzunlukta ve iki renkte mevcut ip GRILLON ve GRILLON ankraj i\u00e7in 2, 3, 4 ve 5 m halat uzunluklar\u0131 GRILLON ya\u015fam hatt\u0131 i\u00e7in 5, 10, 15 ve 20 m halat uzunluklar\u0131 Eski s\u00fcr\u00fcmlerle (2018\u2019den \u00f6nce) ve daha yeni [&hellip;]<\/p>\n","protected":false},"featured_media":2001,"comment_status":"open","ping_status":"closed","template":"","meta":[],"product_brand":[],"product_cat":[245],"product_tag":[],"class_list":{"0":"post-2000","1":"product","2":"type-product","3":"status-publish","4":"has-post-thumbnail","6":"product_cat-lanyard-ve-sok-emiciler","8":"first","9":"instock","10":"shipping-taxable","11":"product-type-simple"},"acf":[],"_links":{"self":[{"href":"https:\/\/exzone.com.tr\/index.php\/wp-json\/wp\/v2\/product\/2000","targetHints":{"allow":["GET"]}}],"collection":[{"href":"https:\/\/exzone.com.tr\/index.php\/wp-json\/wp\/v2\/product"}],"about":[{"href":"https:\/\/exzone.com.tr\/index.php\/wp-json\/wp\/v2\/types\/product"}],"replies":[{"embeddable":true,"href":"https:\/\/exzone.com.tr\/index.php\/wp-json\/wp\/v2\/comments?post=2000"}],"wp:featuredmedia":[{"embeddable":true,"href":"https:\/\/exzone.com.tr\/index.php\/wp-json\/wp\/v2\/media\/2001"}],"wp:attachment":[{"href":"https:\/\/exzone.com.tr\/index.php\/wp-json\/wp\/v2\/media?parent=2000"}],"wp:term":[{"taxonomy":"product_brand","embeddable":true,"href":"https:\/\/exzone.com.tr\/index.php\/wp-json\/wp\/v2\/product_brand?post=2000"},{"taxonomy":"product_cat","embeddable":true,"href":"https:\/\/exzone.com.tr\/index.php\/wp-json\/wp\/v2\/product_cat?post=2000"},{"taxonomy":"product_tag","embeddable":true,"href":"https:\/\/exzone.com.tr\/index.php\/wp-json\/wp\/v2\/product_tag?post=2000"}],"curies":[{"name":"wp","href":"https:\/\/api.w.org\/{rel}","templated":true}]}}