{"id":1893,"date":"2023-01-11T23:15:09","date_gmt":"2023-01-11T20:15:09","guid":{"rendered":"https:\/\/exzone.com.tr\/?post_type=product&#038;p=1893"},"modified":"2024-05-02T03:41:18","modified_gmt":"2024-05-02T00:41:18","slug":"petzl-absorbica-sok-emici","status":"publish","type":"product","link":"https:\/\/exzone.com.tr\/index.php\/urun\/petzl-absorbica-sok-emici\/","title":{"rendered":"PETZL ABSORBICA \u015eok Emici"},"content":{"rendered":"<p>Kompakt \u015fok emici<\/p>\n<p>ABSORBICA, d\u00fc\u015f\u00fc\u015f durdurma lanyard\u0131 olu\u015fturmak i\u00e7in JANE lanyard ile birlikte kullan\u0131lan bir \u015fok emicidir. Dayan\u0131kl\u0131 fermuarl\u0131 kuma\u015f k\u0131l\u0131f, \u015fok emiciyi a\u015f\u0131nmadan veya kirletici maddelerden korurken, \u015fok emicinin d\u00fczenli olarak kontrol edilebilmesine olanak sa\u011flar. Kullan\u0131m s\u0131kl\u0131\u011f\u0131na ba\u011fl\u0131 olarak emniyet kemerine iki farkl\u0131 ba\u011flant\u0131 y\u00f6ntemi bulunur.<\/p>\n<p><b>Maksimum 2 metre olacak \u015fekilde d\u00fc\u015f\u00fc\u015f durdurma lanyard\u0131 olu\u015fturmak i\u00e7in JANE lanyard ile birle\u015ftirmek i\u00e7in tasarlanm\u0131\u015ft\u0131r<\/b><\/p>\n<p><b>D\u00fc\u015f\u00fc\u015f an\u0131nda \u015foku emer:<\/b><\/p>\n<ul>\n<li>\u015eok emici perlonun y\u0131rt\u0131lmas\u0131, kullan\u0131c\u0131 \u00fczerine binecek etki kuvvetini azalt\u0131r<\/li>\n<li>50 ila 130 kg a\u011f\u0131rl\u0131\u011f\u0131ndaki kullan\u0131c\u0131lara uygundur<\/li>\n<li>Kademeli y\u0131rt\u0131lma, hafif kullan\u0131c\u0131lar\u0131n yava\u015flama ivmesini azalt\u0131r.<\/li>\n<\/ul>\n<p><b>Minimum hacim:\u00a0<\/b>kullan\u0131m\u0131 kolayla\u015ft\u0131rmak i\u00e7in kompaktt\u0131r<\/p>\n<p><b>Dayan\u0131kl\u0131 fermuarl\u0131 kuma\u015f k\u0131l\u0131f, \u015fok emiciyi a\u015f\u0131nmadan veya kirletici maddelerden korurken, emicinin d\u00fczenli olarak kontrol edilebilmesine olanak sa\u011flar.<\/b><\/p>\n<p><b>Kullan\u0131ma ba\u011fl\u0131 olarak, emniyet kemerinde iki farkl\u0131 kullan\u0131m \u015fekli vard\u0131r:<\/b><\/p>\n<ul>\n<li>S\u0131k kullan\u0131m: STRING konumland\u0131rma aksesuar\u0131 (lanyard ile birlikte gelir) taraf\u0131ndan do\u011fru konumda tutulan bir karabina ile veya dolanmay\u0131 \u00f6nlemek i\u00e7in MICRO SWIVEL f\u0131rd\u00f6nd\u00fc ile<\/li>\n<li>Yar\u0131 kal\u0131c\u0131 ba\u011flant\u0131: dairesel \u015fekli ile en uygun konumland\u0131rmay\u0131 sa\u011flayan OPEN RING ile veya dolanmay\u0131 \u00f6nlemek i\u00e7in MICRO SWIVEL f\u0131rd\u00f6nd\u00fc ile<\/li>\n<\/ul>\n<table class=\"table table-striped\">\n<tbody>\n<tr>\n<th>Referanslar<\/th>\n<th>L064AA00<\/th>\n<\/tr>\n<tr>\n<td>Uzunluk<\/td>\n<td>22 cm<\/td>\n<\/tr>\n<tr>\n<td>Karabina ile uzunluk<\/td>\n<td>80 ila 200 cm, konnekt\u00f6r tipine ba\u011fl\u0131 olarak\u00a0(daha fazla bilgi Kullan\u0131m K\u0131lavuzu ve www.petzl.com sitesinde)<\/td>\n<\/tr>\n<tr>\n<td>A\u011f\u0131rl\u0131k<\/td>\n<td>140 g<\/td>\n<\/tr>\n<tr>\n<td>Garanti<\/td>\n<td>3\u00a0y\u0131l<\/td>\n<\/tr>\n<tr>\n<td>Paket<\/td>\n<td>1<\/td>\n<\/tr>\n<\/tbody>\n<\/table>\n","protected":false},"excerpt":{"rendered":"<p>Kompakt \u015fok emici ABSORBICA, d\u00fc\u015f\u00fc\u015f durdurma lanyard\u0131 olu\u015fturmak i\u00e7in JANE lanyard ile birlikte kullan\u0131lan bir \u015fok emicidir. Dayan\u0131kl\u0131 fermuarl\u0131 kuma\u015f k\u0131l\u0131f, \u015fok emiciyi a\u015f\u0131nmadan veya kirletici maddelerden korurken, \u015fok emicinin d\u00fczenli olarak kontrol edilebilmesine olanak sa\u011flar. Kullan\u0131m s\u0131kl\u0131\u011f\u0131na ba\u011fl\u0131 olarak emniyet kemerine iki farkl\u0131 ba\u011flant\u0131 y\u00f6ntemi bulunur. Maksimum 2 metre olacak \u015fekilde d\u00fc\u015f\u00fc\u015f durdurma lanyard\u0131 [&hellip;]<\/p>\n","protected":false},"featured_media":1894,"comment_status":"open","ping_status":"closed","template":"","meta":[],"product_brand":[],"product_cat":[245],"product_tag":[],"class_list":{"0":"post-1893","1":"product","2":"type-product","3":"status-publish","4":"has-post-thumbnail","6":"product_cat-lanyard-ve-sok-emiciler","8":"first","9":"instock","10":"shipping-taxable","11":"product-type-simple"},"acf":[],"_links":{"self":[{"href":"https:\/\/exzone.com.tr\/index.php\/wp-json\/wp\/v2\/product\/1893","targetHints":{"allow":["GET"]}}],"collection":[{"href":"https:\/\/exzone.com.tr\/index.php\/wp-json\/wp\/v2\/product"}],"about":[{"href":"https:\/\/exzone.com.tr\/index.php\/wp-json\/wp\/v2\/types\/product"}],"replies":[{"embeddable":true,"href":"https:\/\/exzone.com.tr\/index.php\/wp-json\/wp\/v2\/comments?post=1893"}],"wp:featuredmedia":[{"embeddable":true,"href":"https:\/\/exzone.com.tr\/index.php\/wp-json\/wp\/v2\/media\/1894"}],"wp:attachment":[{"href":"https:\/\/exzone.com.tr\/index.php\/wp-json\/wp\/v2\/media?parent=1893"}],"wp:term":[{"taxonomy":"product_brand","embeddable":true,"href":"https:\/\/exzone.com.tr\/index.php\/wp-json\/wp\/v2\/product_brand?post=1893"},{"taxonomy":"product_cat","embeddable":true,"href":"https:\/\/exzone.com.tr\/index.php\/wp-json\/wp\/v2\/product_cat?post=1893"},{"taxonomy":"product_tag","embeddable":true,"href":"https:\/\/exzone.com.tr\/index.php\/wp-json\/wp\/v2\/product_tag?post=1893"}],"curies":[{"name":"wp","href":"https:\/\/api.w.org\/{rel}","templated":true}]}}