{"id":1889,"date":"2023-01-11T23:14:10","date_gmt":"2023-01-11T20:14:10","guid":{"rendered":"https:\/\/exzone.com.tr\/?post_type=product&#038;p=1889"},"modified":"2024-05-02T03:41:18","modified_gmt":"2024-05-02T00:41:18","slug":"petzl-asapsorber-sok-emici","status":"publish","type":"product","link":"https:\/\/exzone.com.tr\/index.php\/urun\/petzl-asapsorber-sok-emici\/","title":{"rendered":"PETZL ASAP&#8217;SORBER \u015eok Emici"},"content":{"rendered":"<h2>ASAP veya ASAP LOCK i\u00e7in \u015fok emici<\/h2>\n<p>ASAP\u2019SORBER \u015fok emici sadece ASAP veya ASAP LOCK hareketli d\u00fc\u015f\u00fc\u015f durdurucularla kullan\u0131labilir. Kullan\u0131c\u0131n\u0131n \u00e7al\u0131\u015fman\u0131n belirli a\u015famalar\u0131nda ipten uzakla\u015farak \u00e7al\u0131\u015fmas\u0131n\u0131 ve ipi korumas\u0131n\u0131 sa\u011flar.\u00a0Diki\u015fli perlonun etraf\u0131ndaki her iki ucundan da a\u00e7\u0131labilen k\u0131l\u0131f,\u00a0\u015fok emicinin a\u015f\u0131nma ve kirletici maddelerden korunmas\u0131n\u0131, \u015fok emicinin d\u00fczenli olarak kontrol edilebilmesini sa\u011flar. D\u00fc\u015f\u00fck d\u00fc\u015f\u00fc\u015f mesafesi ve ipten uzakta \u00e7al\u0131\u015fabilme mesafesi aras\u0131ndaki optimum dengeyi sa\u011flamak i\u00e7in iki farkl\u0131 uzunlukta mevcuttur.<\/p>\n<p><b>Yaln\u0131zca ASAP veya ASAP LOCK hareketli d\u00fc\u015f\u00fc\u015f durdurucular ile kullan\u0131lmal\u0131d\u0131r<\/b><\/p>\n<p><b>Kullan\u0131c\u0131n\u0131n a\u015fa\u011f\u0131daki nedenlerden dolay\u0131 ipi istenen mesafede tutmas\u0131n\u0131 sa\u011flar:<\/b><\/p>\n<ul>\n<li>&#8211; \u00c7al\u0131\u015fma alan\u0131n\u0131 geni\u015fletmek<\/li>\n<li>&#8211; \u0130pi keskin aletlerden veya ipe zarar verecek temas noktalar\u0131ndan korumak<\/li>\n<\/ul>\n<p><b>D\u00fc\u015f\u00fc\u015f an\u0131nda \u015foku emer:<\/b><\/p>\n<ul>\n<li>&#8211; Enerji emici perlonun y\u0131rt\u0131lmas\u0131, kullan\u0131c\u0131ya binecek etki kuvvetini azalt\u0131r<\/li>\n<li>&#8211; 50 ila 130 kg a\u011f\u0131rl\u0131\u011f\u0131ndaki kullan\u0131c\u0131lar i\u00e7in tasarlanm\u0131\u015ft\u0131r<\/li>\n<li>&#8211; Dayan\u0131kl\u0131 ve her iki ucundan a\u00e7\u0131labilen kuma\u015f k\u0131l\u0131f, \u015fok emicinin a\u015f\u0131nma ve kirletici maddelerden korunmas\u0131n\u0131 ve d\u00fczenli olarak kontrol edilebilmesini sa\u011flar.<\/li>\n<\/ul>\n<p><strong>\u0130pin u\u00e7lar\u0131, karabinay\u0131 yerinde sabit tutmak ve perlonu a\u015f\u0131nmaya kar\u015f\u0131 korumak i\u00e7in STRING ile donat\u0131lm\u0131\u015ft\u0131r<\/strong><\/p>\n<p><strong>Daha az d\u00fc\u015f\u00fc\u015f mesafesi ve ipten uzakta \u00e7al\u0131\u015fabilme mesafesi aras\u0131ndaki optimum dengeyi sa\u011flamak i\u00e7in iki farkl\u0131 uzunlukta mevcuttur.\u00a0<\/strong><\/p>\n<p><b>\u00d6zellikler:<\/b><\/p>\n<p><b>Malzeme:\u00a0naylon,\u00a0<\/b>polyester<br \/>\n<b>Sertifikalar:\u00a0<\/b>CE EN 355, ANSI Z359.13 6 feet, EAC<\/p>\n<table class=\"table table-striped\">\n<tbody>\n<tr>\n<td><strong>Referanslar:<\/strong><\/td>\n<td><strong>L071AA00<\/strong><\/td>\n<td><strong>L071AA01<\/strong><\/td>\n<\/tr>\n<tr>\n<td><strong>Uzunluk<\/strong><\/td>\n<td>20 cm<\/td>\n<td>40 cm<\/td>\n<\/tr>\n<tr>\n<td><strong>A\u011f\u0131rl\u0131k<\/strong><\/td>\n<td>125 g<\/td>\n<td>145 g<\/td>\n<\/tr>\n<tr>\n<td><strong>Garanti<\/strong><\/td>\n<td>3 y\u0131l<\/td>\n<td>3 y\u0131l<\/td>\n<\/tr>\n<tr>\n<td><strong>Paket<\/strong><\/td>\n<td>1<\/td>\n<td>1<\/td>\n<\/tr>\n<\/tbody>\n<\/table>\n","protected":false},"excerpt":{"rendered":"<p>ASAP veya ASAP LOCK i\u00e7in \u015fok emici ASAP\u2019SORBER \u015fok emici sadece ASAP veya ASAP LOCK hareketli d\u00fc\u015f\u00fc\u015f durdurucularla kullan\u0131labilir. Kullan\u0131c\u0131n\u0131n \u00e7al\u0131\u015fman\u0131n belirli a\u015famalar\u0131nda ipten uzakla\u015farak \u00e7al\u0131\u015fmas\u0131n\u0131 ve ipi korumas\u0131n\u0131 sa\u011flar.\u00a0Diki\u015fli perlonun etraf\u0131ndaki her iki ucundan da a\u00e7\u0131labilen k\u0131l\u0131f,\u00a0\u015fok emicinin a\u015f\u0131nma ve kirletici maddelerden korunmas\u0131n\u0131, \u015fok emicinin d\u00fczenli olarak kontrol edilebilmesini sa\u011flar. D\u00fc\u015f\u00fck d\u00fc\u015f\u00fc\u015f mesafesi ve [&hellip;]<\/p>\n","protected":false},"featured_media":1890,"comment_status":"open","ping_status":"closed","template":"","meta":[],"product_brand":[],"product_cat":[245],"product_tag":[],"class_list":{"0":"post-1889","1":"product","2":"type-product","3":"status-publish","4":"has-post-thumbnail","6":"product_cat-lanyard-ve-sok-emiciler","8":"first","9":"instock","10":"shipping-taxable","11":"product-type-simple"},"acf":[],"_links":{"self":[{"href":"https:\/\/exzone.com.tr\/index.php\/wp-json\/wp\/v2\/product\/1889","targetHints":{"allow":["GET"]}}],"collection":[{"href":"https:\/\/exzone.com.tr\/index.php\/wp-json\/wp\/v2\/product"}],"about":[{"href":"https:\/\/exzone.com.tr\/index.php\/wp-json\/wp\/v2\/types\/product"}],"replies":[{"embeddable":true,"href":"https:\/\/exzone.com.tr\/index.php\/wp-json\/wp\/v2\/comments?post=1889"}],"wp:featuredmedia":[{"embeddable":true,"href":"https:\/\/exzone.com.tr\/index.php\/wp-json\/wp\/v2\/media\/1890"}],"wp:attachment":[{"href":"https:\/\/exzone.com.tr\/index.php\/wp-json\/wp\/v2\/media?parent=1889"}],"wp:term":[{"taxonomy":"product_brand","embeddable":true,"href":"https:\/\/exzone.com.tr\/index.php\/wp-json\/wp\/v2\/product_brand?post=1889"},{"taxonomy":"product_cat","embeddable":true,"href":"https:\/\/exzone.com.tr\/index.php\/wp-json\/wp\/v2\/product_cat?post=1889"},{"taxonomy":"product_tag","embeddable":true,"href":"https:\/\/exzone.com.tr\/index.php\/wp-json\/wp\/v2\/product_tag?post=1889"}],"curies":[{"name":"wp","href":"https:\/\/api.w.org\/{rel}","templated":true}]}}