{"id":1825,"date":"2023-01-11T20:52:33","date_gmt":"2023-01-11T17:52:33","guid":{"rendered":"https:\/\/exzone.com.tr\/?post_type=product&#038;p=1825"},"modified":"2024-05-02T03:41:17","modified_gmt":"2024-05-02T00:41:17","slug":"petzl-sequoia-ve-sequoia-srt-icin-ayarlanabilir-baglanti-koprusu","status":"publish","type":"product","link":"https:\/\/exzone.com.tr\/index.php\/urun\/petzl-sequoia-ve-sequoia-srt-icin-ayarlanabilir-baglanti-koprusu\/","title":{"rendered":"PETZL SEQUOIA ve SEQUOIA SRT \u0130\u00e7in Ayarlanabilir Ba\u011flant\u0131 K\u00f6pr\u00fcs\u00fc"},"content":{"rendered":"<p>SEQUOIA ve SEQUOIA SRT emniyet kemerleri i\u00e7in ayarlanabilir ba\u011flant\u0131 k\u00f6pr\u00fcs\u00fc<\/p>\n<p>SEQUOIA ve SEQUOIA SRT emniyet kemerleri i\u00e7in ayarlanabilir ba\u011flant\u0131 k\u00f6pr\u00fcs\u00fc, k\u00f6pr\u00fc \u00fczerine monte edilmi\u015f ilerleme aletlerinin pozisyonunun h\u0131zl\u0131 ve hassas bir \u015fekilde ayarlanmas\u0131n\u0131 sa\u011flar.<\/p>\n<p><b>\u00d6zellikler:<\/b><\/p>\n<ul>\n<li>Ba\u011flant\u0131 k\u00f6pr\u00fcs\u00fc \u00fczerindeki ilerleme aletlerinin pozisyonunun ayarlanmas\u0131na izin verir<\/li>\n<li>ADJUST jumar\u0131n ergonomik \u015fekli sayesinde \u00e7ok h\u0131zl\u0131 ve hassas uzunluk ayar\u0131<\/li>\n<\/ul>\n<p><b>\u00d6zellikler:<\/b><\/p>\n<p><b>A\u011f\u0131rl\u0131k:\u00a0<\/b>220 g<\/p>\n<p><b>Uzunluk:\u00a0<\/b>180 cm<\/p>\n<p><b>Materyal:\u00a0<\/b>\u00e7elik, naylon, Dyneema<\/p>\n<table class=\"table table-striped\">\n<tbody>\n<tr>\n<td><strong>Referanslar<\/strong><\/td>\n<td><strong>C69R<\/strong><\/td>\n<\/tr>\n<tr>\n<td><strong>Garanti<\/strong><\/td>\n<td>3 y\u0131l<\/td>\n<\/tr>\n<tr>\n<td><strong>Paket<\/strong><\/td>\n<td>1<\/td>\n<\/tr>\n<\/tbody>\n<\/table>\n","protected":false},"excerpt":{"rendered":"<p>SEQUOIA ve SEQUOIA SRT emniyet kemerleri i\u00e7in ayarlanabilir ba\u011flant\u0131 k\u00f6pr\u00fcs\u00fc SEQUOIA ve SEQUOIA SRT emniyet kemerleri i\u00e7in ayarlanabilir ba\u011flant\u0131 k\u00f6pr\u00fcs\u00fc, k\u00f6pr\u00fc \u00fczerine monte edilmi\u015f ilerleme aletlerinin pozisyonunun h\u0131zl\u0131 ve hassas bir \u015fekilde ayarlanmas\u0131n\u0131 sa\u011flar. \u00d6zellikler: Ba\u011flant\u0131 k\u00f6pr\u00fcs\u00fc \u00fczerindeki ilerleme aletlerinin pozisyonunun ayarlanmas\u0131na izin verir ADJUST jumar\u0131n ergonomik \u015fekli sayesinde \u00e7ok h\u0131zl\u0131 ve hassas uzunluk ayar\u0131 [&hellip;]<\/p>\n","protected":false},"featured_media":1826,"comment_status":"open","ping_status":"closed","template":"","meta":[],"product_brand":[],"product_cat":[244],"product_tag":[],"class_list":{"0":"post-1825","1":"product","2":"type-product","3":"status-publish","4":"has-post-thumbnail","6":"product_cat-emniyet-kemerleri","8":"first","9":"instock","10":"shipping-taxable","11":"product-type-simple"},"acf":[],"_links":{"self":[{"href":"https:\/\/exzone.com.tr\/index.php\/wp-json\/wp\/v2\/product\/1825","targetHints":{"allow":["GET"]}}],"collection":[{"href":"https:\/\/exzone.com.tr\/index.php\/wp-json\/wp\/v2\/product"}],"about":[{"href":"https:\/\/exzone.com.tr\/index.php\/wp-json\/wp\/v2\/types\/product"}],"replies":[{"embeddable":true,"href":"https:\/\/exzone.com.tr\/index.php\/wp-json\/wp\/v2\/comments?post=1825"}],"wp:featuredmedia":[{"embeddable":true,"href":"https:\/\/exzone.com.tr\/index.php\/wp-json\/wp\/v2\/media\/1826"}],"wp:attachment":[{"href":"https:\/\/exzone.com.tr\/index.php\/wp-json\/wp\/v2\/media?parent=1825"}],"wp:term":[{"taxonomy":"product_brand","embeddable":true,"href":"https:\/\/exzone.com.tr\/index.php\/wp-json\/wp\/v2\/product_brand?post=1825"},{"taxonomy":"product_cat","embeddable":true,"href":"https:\/\/exzone.com.tr\/index.php\/wp-json\/wp\/v2\/product_cat?post=1825"},{"taxonomy":"product_tag","embeddable":true,"href":"https:\/\/exzone.com.tr\/index.php\/wp-json\/wp\/v2\/product_tag?post=1825"}],"curies":[{"name":"wp","href":"https:\/\/api.w.org\/{rel}","templated":true}]}}