{"id":1818,"date":"2023-01-11T20:48:47","date_gmt":"2023-01-11T17:48:47","guid":{"rendered":"https:\/\/exzone.com.tr\/?post_type=product&#038;p=1818"},"modified":"2023-01-11T20:48:47","modified_gmt":"2023-01-11T17:48:47","slug":"nest-sedye-cantasi","status":"publish","type":"product","link":"https:\/\/exzone.com.tr\/index.php\/urun\/nest-sedye-cantasi\/","title":{"rendered":"NEST Sedye \u00c7antas\u0131"},"content":{"rendered":"<p>NEST sedye \u00e7antas\u0131<\/p>\n<p>\u00c7anta, NEST sedyenin ta\u015f\u0131nmas\u0131n\u0131 ve depolanmas\u0131n\u0131 sa\u011flar. Her iki u\u00e7taki a\u00e7\u0131kl\u0131klar, tutamaklar\u0131n d\u0131\u015far\u0131 \u00e7\u0131kmas\u0131n\u0131 sa\u011flayarak daha kolay kullan\u0131m sa\u011flar. Daha kolay ta\u015f\u0131ma i\u00e7in \u00fc\u00e7 tutamak ve bir omuz ask\u0131s\u0131na sahiptir.<\/p>\n<p><b>Detayl\u0131 A\u00e7\u0131klama:<\/b><\/p>\n<ul>\n<li>Sedyenin depolanmas\u0131 ve korunmas\u0131 i\u00e7in<\/li>\n<li>Her iki u\u00e7taki a\u00e7\u0131kl\u0131klar, tutamaklar\u0131n d\u0131\u015far\u0131 \u00e7\u0131kmas\u0131n\u0131 sa\u011flayarak daha kolay kullan\u0131m sa\u011flar<\/li>\n<li>C\u0131rt C\u0131rt ba\u011flama sistemi<\/li>\n<li>Sedyenin kolay ta\u015f\u0131nmas\u0131 i\u00e7in \u00fc\u00e7 dokuma tutamak ve omuz ask\u0131s\u0131<\/li>\n<\/ul>\n<p><b>\u00d6zellikler:<\/b><\/p>\n<p><b>Materyal:\u00a0<\/b>termoplastik poli\u00fcretan (TPU)<\/p>\n<p><b>A\u011f\u0131rl\u0131k:\u00a0<\/b>1860 g<\/p>\n<p><b>Referanslar:<\/b><\/p>\n<div>\n<table class=\"table table-striped\">\n<tbody>\n<tr>\n<th>Referanslar<\/th>\n<th>S062AA00<\/th>\n<\/tr>\n<tr>\n<td>Renk<\/td>\n<td>k\u0131rm\u0131z\u0131<\/td>\n<\/tr>\n<tr>\n<td>Garanti<\/td>\n<td>3 y\u0131l<\/td>\n<\/tr>\n<tr>\n<td>Paket<\/td>\n<td>1<\/td>\n<\/tr>\n<\/tbody>\n<\/table>\n<\/div>\n","protected":false},"excerpt":{"rendered":"<p>NEST sedye \u00e7antas\u0131 \u00c7anta, NEST sedyenin ta\u015f\u0131nmas\u0131n\u0131 ve depolanmas\u0131n\u0131 sa\u011flar. Her iki u\u00e7taki a\u00e7\u0131kl\u0131klar, tutamaklar\u0131n d\u0131\u015far\u0131 \u00e7\u0131kmas\u0131n\u0131 sa\u011flayarak daha kolay kullan\u0131m sa\u011flar. Daha kolay ta\u015f\u0131ma i\u00e7in \u00fc\u00e7 tutamak ve bir omuz ask\u0131s\u0131na sahiptir. Detayl\u0131 A\u00e7\u0131klama: Sedyenin depolanmas\u0131 ve korunmas\u0131 i\u00e7in Her iki u\u00e7taki a\u00e7\u0131kl\u0131klar, tutamaklar\u0131n d\u0131\u015far\u0131 \u00e7\u0131kmas\u0131n\u0131 sa\u011flayarak daha kolay kullan\u0131m sa\u011flar C\u0131rt C\u0131rt ba\u011flama [&hellip;]<\/p>\n","protected":false},"featured_media":1819,"comment_status":"open","ping_status":"closed","template":"","meta":[],"product_brand":[],"product_cat":[244],"product_tag":[],"class_list":{"0":"post-1818","1":"product","2":"type-product","3":"status-publish","4":"has-post-thumbnail","6":"product_cat-emniyet-kemerleri","8":"first","9":"instock","10":"shipping-taxable","11":"product-type-simple"},"acf":[],"_links":{"self":[{"href":"https:\/\/exzone.com.tr\/index.php\/wp-json\/wp\/v2\/product\/1818","targetHints":{"allow":["GET"]}}],"collection":[{"href":"https:\/\/exzone.com.tr\/index.php\/wp-json\/wp\/v2\/product"}],"about":[{"href":"https:\/\/exzone.com.tr\/index.php\/wp-json\/wp\/v2\/types\/product"}],"replies":[{"embeddable":true,"href":"https:\/\/exzone.com.tr\/index.php\/wp-json\/wp\/v2\/comments?post=1818"}],"wp:featuredmedia":[{"embeddable":true,"href":"https:\/\/exzone.com.tr\/index.php\/wp-json\/wp\/v2\/media\/1819"}],"wp:attachment":[{"href":"https:\/\/exzone.com.tr\/index.php\/wp-json\/wp\/v2\/media?parent=1818"}],"wp:term":[{"taxonomy":"product_brand","embeddable":true,"href":"https:\/\/exzone.com.tr\/index.php\/wp-json\/wp\/v2\/product_brand?post=1818"},{"taxonomy":"product_cat","embeddable":true,"href":"https:\/\/exzone.com.tr\/index.php\/wp-json\/wp\/v2\/product_cat?post=1818"},{"taxonomy":"product_tag","embeddable":true,"href":"https:\/\/exzone.com.tr\/index.php\/wp-json\/wp\/v2\/product_tag?post=1818"}],"curies":[{"name":"wp","href":"https:\/\/api.w.org\/{rel}","templated":true}]}}