{"id":1731,"date":"2023-01-11T17:45:43","date_gmt":"2023-01-11T14:45:43","guid":{"rendered":"https:\/\/exzone.com.tr\/?post_type=product&#038;p=1731"},"modified":"2024-05-02T03:41:16","modified_gmt":"2024-05-02T00:41:16","slug":"petzl-newton-fast-emniyet-kemeri-avrupa-versiyonu","status":"publish","type":"product","link":"https:\/\/exzone.com.tr\/index.php\/urun\/petzl-newton-fast-emniyet-kemeri-avrupa-versiyonu\/","title":{"rendered":"PETZL NEWTON FAST Emniyet Kemeri &#8211; Avrupa Versiyonu"},"content":{"rendered":"<p class=\"productSubtitle\">H\u0131zl\u0131 tak\u0131lan d\u00fc\u015f\u00fc\u015f \u00f6nleyici emniyet kemeri<\/p>\n<div class=\"productCaracteristiquesPosition inlineblock\">\n<p class=\"productCaracteristiques inlineblock\">NEWTON FAST, h\u0131zl\u0131 bir \u015fekilde tak\u0131labilen hafif, ergonomik bir d\u00fc\u015f\u00fc\u015f \u00f6nleyici emniyet kemeridir. Dolgulu omuz ask\u0131lar\u0131 ve bacak halkalar\u0131nda FAST LT PLUS tokalar\u0131 ile donat\u0131lm\u0131\u015ft\u0131r, bu sayede emniyet kemerinin her iki ayak da yerde olacak \u015fekilde ayar kayb\u0131 olmadan tak\u0131lmas\u0131na olanak tan\u0131r. Kemer, alet \u00e7antas\u0131 i\u00e7in ekipman halkalar\u0131 ve yuvalar\u0131 ile aletlere an\u0131nda eri\u015fim sa\u011flar. Tekstil sternal ba\u011flant\u0131 noktas\u0131 ve metal ve tekstil dorsal ba\u011flant\u0131 noktalar\u0131 muazzam \u00e7ok y\u00f6nl\u00fcl\u00fck sa\u011flar. MGO konekt\u00f6rlerini ergonomik olarak yerle\u015ftirir ve d\u00fc\u015fme g\u00f6stergelerine sahiptir. Kuzey Amerika, Avrupa ve Rusya standartlar\u0131na g\u00f6re sertifikaland\u0131r\u0131lm\u0131\u015ft\u0131r.<\/p>\n<div class=\"list\">\n<ul>\n<li><strong>Hafif, ergonomik tasar\u0131m:<\/strong>\u2013 Anatomik tasar\u0131m s\u0131k\u0131 oturur ancak optimum hareket \u00f6zg\u00fcrl\u00fc\u011f\u00fc sa\u011flar<br \/>\n\u2013 Tekstil sternal ba\u011flant\u0131 noktas\u0131, hafif ve a\u015f\u0131nmaya dayan\u0131kl\u0131<br \/>\n\u2013 B\u00fcy\u00fck dayan\u0131kl\u0131l\u0131k i\u00e7in kaplamal\u0131 al\u00fcminyum s\u0131rt ba\u011flant\u0131 noktas\u0131<br \/>\n\u2013 Geri sarmal\u0131 d\u00fc\u015f\u00fc\u015f durdurucuyu takmak i\u00e7in tekstil dorsal ba\u011flant\u0131 noktas\u0131<br \/>\n\u2013 Boyun s\u00fcrt\u00fcnmesini azaltmak i\u00e7in yast\u0131kl\u0131 omuz ask\u0131lar\u0131 geni\u015f aral\u0131kl\u0131d\u0131r<br \/>\n\u2013 Dik konumda inmek i\u00e7in bir LIFT tak\u0131lmas\u0131na izin verir<\/li>\n<li><strong>\u00c7abuk tak\u0131l\u0131r ve kullan\u0131m\u0131 kolayd\u0131r:<\/strong>\u2013 Bacak halkalar\u0131ndaki ve g\u00f6\u011f\u00fcs kemerindeki FAST LT PLUS tokalar\u0131 kullan\u0131larak her iki ayak yerde olacak \u015fekilde emniyet kemeri tak\u0131l\u0131r; bunlar, eldivenle bile ayar kayb\u0131 olmadan h\u0131zl\u0131 ve kolay bir \u015fekilde takmay\u0131 ve \u00e7\u00f6zmeyi sa\u011flar ve kilit a\u00e7ma sistemi kazayla a\u00e7\u0131lma riskini s\u0131n\u0131rlar<br \/>\n\u2013 H\u0131zl\u0131 ve kolay ayarlama i\u00e7in kendinden kilitlenen DOUBLEBACK tokalarla donat\u0131lm\u0131\u015f omuz ask\u0131lar\u0131<br \/>\n\u2013 \u0130ki ekipman halkas\u0131 ve iki ALET \u00c7ANTASI alet \u00e7antas\u0131 yuvalar\u0131, kolay alet eri\u015fimi i\u00e7in<br \/>\n\u2013 D\u00fc\u015fmeyi durduran ara ba\u011flant\u0131lardaki MGO konekt\u00f6rleri i\u00e7in istifleme sistemi her bir omuz ask\u0131s\u0131nda bulunur;\u00a0d\u00fc\u015fme durumunda, sistem MGO konekt\u00f6rlerini serbest b\u0131rak\u0131r ve emicinin a\u00e7\u0131lmas\u0131na izin verir<\/li>\n<li>Uluslararas\u0131 versiyonda bir d\u00fc\u015fme g\u00f6stergesi vard\u0131r: sternal veya dorsal ba\u011flant\u0131 noktas\u0131nda bir d\u00fc\u015f\u00fc\u015ften sonra, emniyet kemerinin emekli edilmesi gerekti\u011fini belirtmek i\u00e7in k\u0131rm\u0131z\u0131 bir perlon belirir.<\/li>\n<\/ul>\n<\/div>\n<h3><strong>\u00d6zellikler<\/strong><\/h3>\n<div class=\"list\">\n<ul>\n<li>Sternal ba\u011flant\u0131 noktas\u0131: D\u00fc\u015fmeyi durduran sistem ba\u011flant\u0131s\u0131<\/li>\n<li>Metal dorsal ba\u011flant\u0131 noktas\u0131: D\u00fc\u015fme \u00f6nleyici sistem takmak i\u00e7in<\/li>\n<li>Tekstil s\u0131rt ba\u011flant\u0131 noktas\u0131: Geri sarmal\u0131 d\u00fc\u015f\u00fc\u015f \u00f6nleyici sistemi takmak i\u00e7in<\/li>\n<li>Sertifikalar: CE EN 361, EAC, ANSI Z359.11, CSA Z259.10, UKCA<\/li>\n<li>Malzemeler: Naylon, polyester, al\u00fcminyum, \u00e7elik<\/li>\n<\/ul>\n<table class=\"table table-striped\">\n<tbody>\n<tr>\n<th>Referanslar<\/th>\n<th>C073DA01<\/th>\n<th>C073DA02<\/th>\n<th>C073IA00<\/th>\n<th>C073IA01<\/th>\n<\/tr>\n<tr>\n<td>Renkler<\/td>\n<td>Siyah\/Sar\u0131<\/td>\n<td>Siyah\/Sar\u0131<\/td>\n<td>Siyah<\/td>\n<td>Siyah<\/td>\n<\/tr>\n<tr>\n<td>Boyut<\/td>\n<td>1<\/td>\n<td>2<\/td>\n<td>1<\/td>\n<td>2<\/td>\n<\/tr>\n<tr>\n<td>Bel kemeri<\/td>\n<td>70-93 cm<\/td>\n<td>83-120 cm<\/td>\n<td>70-93 cm<\/td>\n<td>83-120 cm<\/td>\n<\/tr>\n<tr>\n<td>Bacak\u00a0halkas\u0131<\/td>\n<td>47-62 cm<\/td>\n<td>50-65 cm<\/td>\n<td>47-62 cm<\/td>\n<td>50-65 cm<\/td>\n<\/tr>\n<tr>\n<td>Boy<\/td>\n<td>165-185 cm<\/td>\n<td>175-200 cm<\/td>\n<td>165-185 cm<\/td>\n<td>175-200 cm<\/td>\n<\/tr>\n<tr>\n<td>A\u011f\u0131rl\u0131k<\/td>\n<td>1355 gr<\/td>\n<td>1395 gr<\/td>\n<td>1355 gr<\/td>\n<td>1395 gr<\/td>\n<\/tr>\n<tr>\n<td>Garanti<\/td>\n<td>3 y\u0131l<\/td>\n<td>3 y\u0131l<\/td>\n<td>3 y\u0131l<\/td>\n<td>3 y\u0131l<\/td>\n<\/tr>\n<tr>\n<td>Paket Say\u0131s\u0131<\/td>\n<td>1<\/td>\n<td>1<\/td>\n<td>1<\/td>\n<td>1<\/td>\n<\/tr>\n<\/tbody>\n<\/table>\n<\/div>\n<\/div>\n","protected":false},"excerpt":{"rendered":"<p>H\u0131zl\u0131 tak\u0131lan d\u00fc\u015f\u00fc\u015f \u00f6nleyici emniyet kemeri NEWTON FAST, h\u0131zl\u0131 bir \u015fekilde tak\u0131labilen hafif, ergonomik bir d\u00fc\u015f\u00fc\u015f \u00f6nleyici emniyet kemeridir. Dolgulu omuz ask\u0131lar\u0131 ve bacak halkalar\u0131nda FAST LT PLUS tokalar\u0131 ile donat\u0131lm\u0131\u015ft\u0131r, bu sayede emniyet kemerinin her iki ayak da yerde olacak \u015fekilde ayar kayb\u0131 olmadan tak\u0131lmas\u0131na olanak tan\u0131r. Kemer, alet \u00e7antas\u0131 i\u00e7in ekipman halkalar\u0131 ve [&hellip;]<\/p>\n","protected":false},"featured_media":1732,"comment_status":"open","ping_status":"closed","template":"","meta":[],"product_brand":[],"product_cat":[244],"product_tag":[],"class_list":{"0":"post-1731","1":"product","2":"type-product","3":"status-publish","4":"has-post-thumbnail","6":"product_cat-emniyet-kemerleri","8":"first","9":"instock","10":"shipping-taxable","11":"product-type-simple"},"acf":[],"_links":{"self":[{"href":"https:\/\/exzone.com.tr\/index.php\/wp-json\/wp\/v2\/product\/1731","targetHints":{"allow":["GET"]}}],"collection":[{"href":"https:\/\/exzone.com.tr\/index.php\/wp-json\/wp\/v2\/product"}],"about":[{"href":"https:\/\/exzone.com.tr\/index.php\/wp-json\/wp\/v2\/types\/product"}],"replies":[{"embeddable":true,"href":"https:\/\/exzone.com.tr\/index.php\/wp-json\/wp\/v2\/comments?post=1731"}],"wp:featuredmedia":[{"embeddable":true,"href":"https:\/\/exzone.com.tr\/index.php\/wp-json\/wp\/v2\/media\/1732"}],"wp:attachment":[{"href":"https:\/\/exzone.com.tr\/index.php\/wp-json\/wp\/v2\/media?parent=1731"}],"wp:term":[{"taxonomy":"product_brand","embeddable":true,"href":"https:\/\/exzone.com.tr\/index.php\/wp-json\/wp\/v2\/product_brand?post=1731"},{"taxonomy":"product_cat","embeddable":true,"href":"https:\/\/exzone.com.tr\/index.php\/wp-json\/wp\/v2\/product_cat?post=1731"},{"taxonomy":"product_tag","embeddable":true,"href":"https:\/\/exzone.com.tr\/index.php\/wp-json\/wp\/v2\/product_tag?post=1731"}],"curies":[{"name":"wp","href":"https:\/\/api.w.org\/{rel}","templated":true}]}}