{"id":1667,"date":"2023-01-11T17:04:57","date_gmt":"2023-01-11T14:04:57","guid":{"rendered":"https:\/\/exzone.com.tr\/?post_type=product&#038;p=1667"},"modified":"2024-05-02T03:41:15","modified_gmt":"2024-05-02T00:41:15","slug":"petzl-stef-sedye-icin-aci-aparati","status":"publish","type":"product","link":"https:\/\/exzone.com.tr\/index.php\/urun\/petzl-stef-sedye-icin-aci-aparati\/","title":{"rendered":"PETZL STEF Sedye \u0130\u00e7in A\u00e7\u0131 Aparat\u0131"},"content":{"rendered":"<p>NEST sedye i\u00e7in e\u011fimlendirme aleti<\/p>\n<p>STEF aleti, NEST sedyenin \u00fc\u00e7 ba\u011flant\u0131 noktas\u0131na birle\u015ftirilir ve araziye uygun olarak kolayca yat\u0131r\u0131lmas\u0131n\u0131 sa\u011flar. Ba\u011flant\u0131 noktalar\u0131n\u0131n otomatik olarak kilitlenmesi i\u00e7in \u00fc\u00e7 adet Am\u2019D TRIACT-LOCK karabina ve sedyenin hassas bir \u015fekilde y\u00f6nlendirilmesi i\u00e7in bir f\u0131rd\u00f6nd\u00fc vard\u0131r.<\/p>\n<ul>\n<li>&#8211; Sedyenin araziye g\u00f6re kolayca yat\u0131r\u0131lmas\u0131n\u0131 sa\u011flar: yatay, dikey veya a\u00e7\u0131l\u0131<\/li>\n<li>&#8211; Ba\u011flant\u0131 noktalar\u0131n\u0131n otomatik kilitlenmesi i\u00e7in CAPTIV konumland\u0131rma \u00e7ubu\u011funa sahip 3 adet\u00a0Am\u2019D TRIACT-LOCK karabina<\/li>\n<li>&#8211; F\u0131rd\u00f6nd\u00fc sedyenin hassas bir \u015fekilde y\u00f6nlendirilmesini sa\u011flar<\/li>\n<li>&#8211; Sm\u2019D karabina sedyeyi yatay konumda sabitler<\/li>\n<li>&#8211; Renk kodlar\u0131 sayesinde kolayca tan\u0131mlanabilen kullan\u0131m y\u00f6n\u00fc<\/li>\n<li>&#8211; Tyrolean (havai) hat ge\u00e7i\u015fi i\u00e7in olan ba\u011flant\u0131 noktalar\u0131, tahliye modunu kolayca de\u011fi\u015ftirebilmek i\u00e7in dikey ba\u011flant\u0131 noktalar\u0131ndan ayr\u0131d\u0131r<\/li>\n<li>&#8211; E\u011fme aleti, sedyeyi hassas bir \u015fekilde a\u00e7\u0131land\u0131rmak i\u00e7in JAG SYSTEM 2 m makara kiti ile kolayca kullan\u0131labilir<\/li>\n<\/ul>\n<p><b>\u00d6zellikler:<\/b><\/p>\n<p><strong>Materyal:\u00a0<\/strong>polyester, al\u00fcminyum<\/p>\n<p><b>A\u011f\u0131rl\u0131k:\u00a0<\/b>640 g<\/p>\n<p><strong>Maksimum a\u011f\u0131rl\u0131k:\u00a0<\/strong>140 kg<\/p>\n<table class=\"table table-striped\">\n<tbody>\n<tr>\n<td><strong>Referanslar<\/strong><\/td>\n<td><strong>S059AA00<\/strong><\/td>\n<\/tr>\n<tr>\n<td><strong>Renk<\/strong><\/td>\n<td>siyah<\/td>\n<\/tr>\n<tr>\n<td><strong>Garanti<\/strong><\/td>\n<td>3 y\u0131l<\/td>\n<\/tr>\n<tr>\n<td><strong>Paket<\/strong><\/td>\n<td>1<\/td>\n<\/tr>\n<\/tbody>\n<\/table>\n","protected":false},"excerpt":{"rendered":"<p>NEST sedye i\u00e7in e\u011fimlendirme aleti STEF aleti, NEST sedyenin \u00fc\u00e7 ba\u011flant\u0131 noktas\u0131na birle\u015ftirilir ve araziye uygun olarak kolayca yat\u0131r\u0131lmas\u0131n\u0131 sa\u011flar. Ba\u011flant\u0131 noktalar\u0131n\u0131n otomatik olarak kilitlenmesi i\u00e7in \u00fc\u00e7 adet Am\u2019D TRIACT-LOCK karabina ve sedyenin hassas bir \u015fekilde y\u00f6nlendirilmesi i\u00e7in bir f\u0131rd\u00f6nd\u00fc vard\u0131r. &#8211; Sedyenin araziye g\u00f6re kolayca yat\u0131r\u0131lmas\u0131n\u0131 sa\u011flar: yatay, dikey veya a\u00e7\u0131l\u0131 &#8211; Ba\u011flant\u0131 noktalar\u0131n\u0131n [&hellip;]<\/p>\n","protected":false},"featured_media":1668,"comment_status":"open","ping_status":"closed","template":"","meta":[],"product_brand":[],"product_cat":[244],"product_tag":[],"class_list":{"0":"post-1667","1":"product","2":"type-product","3":"status-publish","4":"has-post-thumbnail","6":"product_cat-emniyet-kemerleri","8":"first","9":"instock","10":"shipping-taxable","11":"product-type-simple"},"acf":[],"_links":{"self":[{"href":"https:\/\/exzone.com.tr\/index.php\/wp-json\/wp\/v2\/product\/1667","targetHints":{"allow":["GET"]}}],"collection":[{"href":"https:\/\/exzone.com.tr\/index.php\/wp-json\/wp\/v2\/product"}],"about":[{"href":"https:\/\/exzone.com.tr\/index.php\/wp-json\/wp\/v2\/types\/product"}],"replies":[{"embeddable":true,"href":"https:\/\/exzone.com.tr\/index.php\/wp-json\/wp\/v2\/comments?post=1667"}],"wp:featuredmedia":[{"embeddable":true,"href":"https:\/\/exzone.com.tr\/index.php\/wp-json\/wp\/v2\/media\/1668"}],"wp:attachment":[{"href":"https:\/\/exzone.com.tr\/index.php\/wp-json\/wp\/v2\/media?parent=1667"}],"wp:term":[{"taxonomy":"product_brand","embeddable":true,"href":"https:\/\/exzone.com.tr\/index.php\/wp-json\/wp\/v2\/product_brand?post=1667"},{"taxonomy":"product_cat","embeddable":true,"href":"https:\/\/exzone.com.tr\/index.php\/wp-json\/wp\/v2\/product_cat?post=1667"},{"taxonomy":"product_tag","embeddable":true,"href":"https:\/\/exzone.com.tr\/index.php\/wp-json\/wp\/v2\/product_tag?post=1667"}],"curies":[{"name":"wp","href":"https:\/\/api.w.org\/{rel}","templated":true}]}}