{"id":1655,"date":"2023-01-11T16:56:31","date_gmt":"2023-01-11T13:56:31","guid":{"rendered":"https:\/\/exzone.com.tr\/?post_type=product&#038;p=1655"},"modified":"2024-05-02T03:41:15","modified_gmt":"2024-05-02T00:41:15","slug":"petzl-thales-kurtarma-ve-tahliye-ucgeni","status":"publish","type":"product","link":"https:\/\/exzone.com.tr\/index.php\/urun\/petzl-thales-kurtarma-ve-tahliye-ucgeni\/","title":{"rendered":"PETZL THALES Kurtarma ve Tahliye \u00dc\u00e7geni"},"content":{"rendered":"<p class=\"productCaracteristiques inlineblock\">THALES kurtarma ve tahliye \u00fc\u00e7geni kurtarma operasyonlar\u0131, teleferik tahliyeleri ve helikopter tahliyeleri i\u00e7in tasarlanm\u0131\u015ft\u0131r. G\u00f6\u011f\u00fcs halkas\u0131 konfig\u00fcrasyonu, tahliye edilen ki\u015finin acil bir durumda emniyete al\u0131nmas\u0131n\u0131 ve ard\u0131ndan sedye ile tahliye edilmesini sa\u011flar. G\u00f6\u011f\u00fcs halkas\u0131 konfig\u00fcrasyonundan sedye konfig\u00fcrasyona ge\u00e7i\u015f, \u00fc\u00e7 c\u0131rt c\u0131rt bant kullan\u0131m\u0131 ile h\u0131zl\u0131d\u0131r. Oturma yerinin ergonomik \u015fekli ve omuz ask\u0131lar\u0131n\u0131n varl\u0131\u011f\u0131, s\u00fcspansiyonu klasik bir tahliye sedyesinden daha konforlu hale getirir. Renk kodlamas\u0131, s\u0131rt ve oturma yerinin yan\u0131 s\u0131ra perlonlar\u0131 ve kilitleme sistemini farkl\u0131la\u015ft\u0131rarak tahliye edilen ki\u015finin giymesini kolayla\u015ft\u0131r\u0131r. Y\u00fcksek mukavemetli TPU malzemesi, d\u00fczenli ve yo\u011fun kullan\u0131ma izin verir.<\/p>\n<div class=\"list\">\n<p><strong>G\u00f6\u011f\u00fcs halkas\u0131\u00a0modunda kullan\u0131labilen tahliye \u00fc\u00e7geni:<\/strong><\/p>\n<p>\u2013 G\u00f6\u011f\u00fcs halkas\u0131 konfig\u00fcrasyonu, emniyet kemeri olmayan bir tahliye edilenin acil durumda onlar\u0131 hareket ettirmeden sabitlenmesini sa\u011flar<br \/>\n\u2013 Tahliye edilen ki\u015finin ba\u011flant\u0131s\u0131n\u0131 kesmeden sedye konfig\u00fcrasyona ge\u00e7i\u015f, \u00fc\u00e7 c\u0131rt bant kullan\u0131m\u0131 ile kolayd\u0131r.<br \/>\n<strong>Not: Tahliye edilen ki\u015fiye en uygun konforu sa\u011flamak i\u00e7in THALES tak\u0131ld\u0131ktan sonra tahliye yap\u0131lmal\u0131d\u0131r. Ask\u0131dayken g\u00f6\u011f\u00fcs halkas\u0131\u00a0konfig\u00fcrasyonu \u00f6nerilmez.<\/strong><\/p>\n<p><strong>Ergonomik ve rahat:<\/strong><\/p>\n<p>\u2013 Ergonomik \u015fekil, tahliye edilen ki\u015finin sedyeye kolayca oturmas\u0131n\u0131 sa\u011flar ve s\u00fcspansiyonu klasik tahliye \u00fc\u00e7genine\u00a0g\u00f6re daha rahat hale getirir<br \/>\n\u2013 Konfor tutamaklar\u0131, tahliye edilen ki\u015finin sedyeye do\u011fru \u015fekilde oturmas\u0131n\u0131\u00a0sa\u011flar<br \/>\n\u2013 Omuz ask\u0131lar\u0131, \u00fc\u00e7genin veya g\u00f6\u011f\u00fcs halkas\u0131n\u0131n tahliye edilen ki\u015finin \u00fczerinde kal\u0131r\u00a0ve onlar\u0131 dik tutar<br \/>\n\u2013 DOUBLEBACK kendinden kilitlenen tokalar, bir \u00e7ocu\u011fa (15 kg\u2019dan fazla) ve bir yeti\u015fkine (150 kg\u2019a kadar) ayarlanmas\u0131na izin\u00a0verir<br \/>\n\u2013 Arka ba\u011flant\u0131 perlonu, tahliye edilen ki\u015fiyi indirirken\u00a0y\u00f6nlendirmek i\u00e7in bir y\u00f6nlerdirme hatt\u0131\u00a0ba\u011flamay\u0131 m\u00fcmk\u00fcn k\u0131lar.<br \/>\n\u2013 Arkadaki yans\u0131t\u0131c\u0131 \u015feritler geceleri kullan\u0131m\u0131 kolayla\u015ft\u0131r\u0131r<\/p>\n<p><strong>Takmas\u0131 kolay:<\/strong><\/p>\n<p>\u2013\u00a0Renk kodlamas\u0131, s\u0131rt(sar\u0131) k\u0131sm\u0131n\u0131\u00a0koltuktan(siyah)\u00a0ve omuz ask\u0131lar\u0131n\u0131 oturma yerinden\u00a0ay\u0131rarak sedyeyi giymeyi kolayla\u015ft\u0131r\u0131r.<br \/>\n\u2013 Ba\u011flant\u0131, Am\u2019D TRIACT LOCK\u00a0\u200b\u200bile sabitlenir<br \/>\n\u2013 Simgeler, g\u00f6\u011f\u00fcs halkas\u0131n\u0131n do\u011fru takma y\u00f6n\u00fcn\u00fc g\u00f6sterir<br \/>\n\u2013 Hacmi s\u0131n\u0131rlamak i\u00e7in \u00fc\u00e7gen g\u00f6\u011f\u00fcs halkas\u0131na\u00a0katlanabilir<\/p>\n<p><strong>D\u00fczenli ve yo\u011fun kullan\u0131m i\u00e7in m\u00fckemmel dayan\u0131kl\u0131l\u0131k:<\/strong><\/p>\n<p>\u2013 D\u00fczenli ve yo\u011fun kullan\u0131m i\u00e7in y\u00fcksek mukavemetli TPU (PVC i\u00e7ermeyen) mu\u015famba malzemesi; UV \u0131\u015f\u0131nlar\u0131na kar\u015f\u0131 dayan\u0131kl\u0131d\u0131r (solmaz), ya\u011fa, grese ve y\u00fcksek ve d\u00fc\u015f\u00fck s\u0131cakl\u0131klara kar\u015f\u0131 dayan\u0131kl\u0131d\u0131r, klorsuzdur (kokusuzdur) ve geri d\u00f6n\u00fc\u015ft\u00fcr\u00fclebilir\n<\/p><\/div>\n<h3>\u00d6zellikler<\/h3>\n<div class=\"list\">\n<ul>\n<li>A\u011f\u0131rl\u0131k: 1315 gr<\/li>\n<li>Sertifikalar: CE EN 1497, EN 1498 tip A ve B, UKCA, EASA CM-CS-005<\/li>\n<li>Malzemeler: TPU (PVC i\u00e7ermez), polyester, \u00e7elik, al\u00fcminyum<\/li>\n<\/ul>\n<table class=\"table table-striped\">\n<tbody>\n<tr>\n<th>Referanslar<\/th>\n<th>C061AA00<\/th>\n<\/tr>\n<tr>\n<td>Garanti<\/td>\n<td>3 y\u0131l<\/td>\n<\/tr>\n<tr>\n<td>Paket Say\u0131s\u0131<\/td>\n<td>1<\/td>\n<\/tr>\n<\/tbody>\n<\/table>\n<\/div>\n","protected":false},"excerpt":{"rendered":"<p>THALES kurtarma ve tahliye \u00fc\u00e7geni kurtarma operasyonlar\u0131, teleferik tahliyeleri ve helikopter tahliyeleri i\u00e7in tasarlanm\u0131\u015ft\u0131r. G\u00f6\u011f\u00fcs halkas\u0131 konfig\u00fcrasyonu, tahliye edilen ki\u015finin acil bir durumda emniyete al\u0131nmas\u0131n\u0131 ve ard\u0131ndan sedye ile tahliye edilmesini sa\u011flar. G\u00f6\u011f\u00fcs halkas\u0131 konfig\u00fcrasyonundan sedye konfig\u00fcrasyona ge\u00e7i\u015f, \u00fc\u00e7 c\u0131rt c\u0131rt bant kullan\u0131m\u0131 ile h\u0131zl\u0131d\u0131r. Oturma yerinin ergonomik \u015fekli ve omuz ask\u0131lar\u0131n\u0131n varl\u0131\u011f\u0131, s\u00fcspansiyonu klasik [&hellip;]<\/p>\n","protected":false},"featured_media":1656,"comment_status":"open","ping_status":"closed","template":"","meta":[],"product_brand":[],"product_cat":[244],"product_tag":[],"class_list":{"0":"post-1655","1":"product","2":"type-product","3":"status-publish","4":"has-post-thumbnail","6":"product_cat-emniyet-kemerleri","8":"first","9":"instock","10":"shipping-taxable","11":"product-type-simple"},"acf":[],"_links":{"self":[{"href":"https:\/\/exzone.com.tr\/index.php\/wp-json\/wp\/v2\/product\/1655","targetHints":{"allow":["GET"]}}],"collection":[{"href":"https:\/\/exzone.com.tr\/index.php\/wp-json\/wp\/v2\/product"}],"about":[{"href":"https:\/\/exzone.com.tr\/index.php\/wp-json\/wp\/v2\/types\/product"}],"replies":[{"embeddable":true,"href":"https:\/\/exzone.com.tr\/index.php\/wp-json\/wp\/v2\/comments?post=1655"}],"wp:featuredmedia":[{"embeddable":true,"href":"https:\/\/exzone.com.tr\/index.php\/wp-json\/wp\/v2\/media\/1656"}],"wp:attachment":[{"href":"https:\/\/exzone.com.tr\/index.php\/wp-json\/wp\/v2\/media?parent=1655"}],"wp:term":[{"taxonomy":"product_brand","embeddable":true,"href":"https:\/\/exzone.com.tr\/index.php\/wp-json\/wp\/v2\/product_brand?post=1655"},{"taxonomy":"product_cat","embeddable":true,"href":"https:\/\/exzone.com.tr\/index.php\/wp-json\/wp\/v2\/product_cat?post=1655"},{"taxonomy":"product_tag","embeddable":true,"href":"https:\/\/exzone.com.tr\/index.php\/wp-json\/wp\/v2\/product_tag?post=1655"}],"curies":[{"name":"wp","href":"https:\/\/api.w.org\/{rel}","templated":true}]}}