{"id":1648,"date":"2023-01-11T16:53:49","date_gmt":"2023-01-11T13:53:49","guid":{"rendered":"https:\/\/exzone.com.tr\/?post_type=product&#038;p=1648"},"modified":"2024-05-02T03:41:15","modified_gmt":"2024-05-02T00:41:15","slug":"petzl-pitagor-kurtarma-ve-tahliye-ucgeni","status":"publish","type":"product","link":"https:\/\/exzone.com.tr\/index.php\/urun\/petzl-pitagor-kurtarma-ve-tahliye-ucgeni\/","title":{"rendered":"PETZL PITAGOR Kurtarma ve Tahliye \u00dc\u00e7geni"},"content":{"rendered":"<p>PETZL PITAGOR Kurtarma ve Tahliye \u00dc\u00e7geni,\u00a0kurtarma operasyonlar\u0131 ve teleferik tahliyeleri i\u00e7in tasarlanm\u0131\u015ft\u0131r.\u00a0oturma yerinin\u00a0ergonomik \u015fekli ve omuz ask\u0131lar\u0131n\u0131n varl\u0131\u011f\u0131, s\u00fcspansiyonu klasik bir tahliye \u00fc\u00e7geninden daha konforlu hale getirir.\u00a0Renk kodlamas\u0131, s\u0131rt ve oturma yerinin yan\u0131 s\u0131ra kilitleme sistemini farkl\u0131la\u015ft\u0131rarak tahliye edilen ki\u015finin giymesini kolayla\u015ft\u0131r\u0131r.\u00a0Y\u00fcksek mukavemetli TPU\u00a0malzemesi, d\u00fczenli ve\u00a0yo\u011fun kullan\u0131ma izin verir.<\/p>\n<div class=\"list\">\n<p><strong>Ergonomik ve rahat:<\/strong><\/p>\n<p>\u2013 Ergonomik \u015fekil, tahliye edilen ki\u015finin \u00fc\u00e7gene kolayca oturmas\u0131n\u0131 sa\u011flar ve s\u00fcspansiyonu klasik tahliye \u00fc\u00e7genine g\u00f6re daha rahat hale getirir<br \/>\n\u2013 Konfor tutamaklar\u0131 tahliye edilenin \u00fc\u00e7gene do\u011fru \u015fekilde oturmas\u0131n\u0131\u00a0sa\u011flar.<br \/>\n\u2013 \u00dc\u00e7genin omuz ask\u0131lar\u0131 tahliye edilen ki\u015fiyi dik tutup \u00fczerinde kalmas\u0131n\u0131 sa\u011flar.<br \/>\n\u2013 DOUBLEBACK otomatik kilitlenen tokalar, bir \u00e7ocu\u011fa (15 kg\u2019dan fazla) ve bir yeti\u015fkine (150 kg\u2019a kadar) ayarlanmas\u0131n\u0131 sa\u011flar.<br \/>\n\u2013 Tahiliyede yere inene kadar y\u00f6nlendirmek i\u00e7in arkaya bir k\u0131lavuz\u00a0hatt\u0131 ba\u011flamak m\u00fcmk\u00fcnd\u00fcr.<br \/>\n\u2013 Arkadaki yans\u0131t\u0131c\u0131 \u015feritler geceleri kullan\u0131m\u0131 kolayla\u015ft\u0131r\u0131r.<\/p>\n<p><strong>Takmas\u0131 kolay:<\/strong><\/p>\n<p>\u2013 Renk kodlu s\u0131rt(sar\u0131) ve koltuk(siyah) ile \u00fc\u00e7geni\u00a0takmak daha kolay.<br \/>\n\u2013 Ayn\u0131 anda \u00fc\u00e7 metal D-halkas\u0131n\u0131 ba\u011flayarak kapat\u0131l\u0131r.<\/p>\n<p><strong>D\u00fczenli ve\u00a0yo\u011fun kullan\u0131m i\u00e7in m\u00fckemmel dayan\u0131kl\u0131l\u0131k:<\/strong><\/p>\n<p>\u2013 D\u00fczenli ve\u00a0yo\u011fun kullan\u0131m i\u00e7in y\u00fcksek mukavemetli TPU (PVC i\u00e7ermeyen) mu\u015famba malzemesi;\u00a0UV \u0131\u015f\u0131nlar\u0131na kar\u015f\u0131 dayan\u0131kl\u0131d\u0131r (solmaz), ya\u011fa, grese,y\u00fcksek ve d\u00fc\u015f\u00fck s\u0131cakl\u0131klara kar\u015f\u0131 dayan\u0131kl\u0131d\u0131r, klorsuzdur (kokusuzdur) ve geri d\u00f6n\u00fc\u015ft\u00fcr\u00fclebilir.<\/p>\n<\/div>\n<h3><strong>\u00d6zellikler:<\/strong><\/h3>\n<div class=\"list\">\n<ul>\n<li>A\u011f\u0131rl\u0131k: 1300 gr<\/li>\n<li>Sertifikalar: CE EN 1497, EN 1498 tip B, UKCA, EASA CM-CS-005<\/li>\n<li>Malzemeler: TPU (PVC i\u00e7ermez), polyester, \u00e7elik<\/li>\n<\/ul>\n<\/div>\n<table class=\"table table-striped\">\n<tbody>\n<tr>\n<td><strong>Referanslar<\/strong><\/td>\n<td>C060AA00<\/td>\n<\/tr>\n<tr>\n<td>Garanti<\/td>\n<td>3 Y\u0131l<\/td>\n<\/tr>\n<tr>\n<td>Paket<\/td>\n<td>1<\/td>\n<\/tr>\n<\/tbody>\n<\/table>\n","protected":false},"excerpt":{"rendered":"<p>PETZL PITAGOR Kurtarma ve Tahliye \u00dc\u00e7geni,\u00a0kurtarma operasyonlar\u0131 ve teleferik tahliyeleri i\u00e7in tasarlanm\u0131\u015ft\u0131r.\u00a0oturma yerinin\u00a0ergonomik \u015fekli ve omuz ask\u0131lar\u0131n\u0131n varl\u0131\u011f\u0131, s\u00fcspansiyonu klasik bir tahliye \u00fc\u00e7geninden daha konforlu hale getirir.\u00a0Renk kodlamas\u0131, s\u0131rt ve oturma yerinin yan\u0131 s\u0131ra kilitleme sistemini farkl\u0131la\u015ft\u0131rarak tahliye edilen ki\u015finin giymesini kolayla\u015ft\u0131r\u0131r.\u00a0Y\u00fcksek mukavemetli TPU\u00a0malzemesi, d\u00fczenli ve\u00a0yo\u011fun kullan\u0131ma izin verir. Ergonomik ve rahat: \u2013 Ergonomik \u015fekil, [&hellip;]<\/p>\n","protected":false},"featured_media":1649,"comment_status":"open","ping_status":"closed","template":"","meta":[],"product_brand":[],"product_cat":[244],"product_tag":[],"class_list":{"0":"post-1648","1":"product","2":"type-product","3":"status-publish","4":"has-post-thumbnail","6":"product_cat-emniyet-kemerleri","8":"first","9":"instock","10":"shipping-taxable","11":"product-type-simple"},"acf":[],"_links":{"self":[{"href":"https:\/\/exzone.com.tr\/index.php\/wp-json\/wp\/v2\/product\/1648","targetHints":{"allow":["GET"]}}],"collection":[{"href":"https:\/\/exzone.com.tr\/index.php\/wp-json\/wp\/v2\/product"}],"about":[{"href":"https:\/\/exzone.com.tr\/index.php\/wp-json\/wp\/v2\/types\/product"}],"replies":[{"embeddable":true,"href":"https:\/\/exzone.com.tr\/index.php\/wp-json\/wp\/v2\/comments?post=1648"}],"wp:featuredmedia":[{"embeddable":true,"href":"https:\/\/exzone.com.tr\/index.php\/wp-json\/wp\/v2\/media\/1649"}],"wp:attachment":[{"href":"https:\/\/exzone.com.tr\/index.php\/wp-json\/wp\/v2\/media?parent=1648"}],"wp:term":[{"taxonomy":"product_brand","embeddable":true,"href":"https:\/\/exzone.com.tr\/index.php\/wp-json\/wp\/v2\/product_brand?post=1648"},{"taxonomy":"product_cat","embeddable":true,"href":"https:\/\/exzone.com.tr\/index.php\/wp-json\/wp\/v2\/product_cat?post=1648"},{"taxonomy":"product_tag","embeddable":true,"href":"https:\/\/exzone.com.tr\/index.php\/wp-json\/wp\/v2\/product_tag?post=1648"}],"curies":[{"name":"wp","href":"https:\/\/api.w.org\/{rel}","templated":true}]}}