{"id":1588,"date":"2023-01-11T01:56:29","date_gmt":"2023-01-10T22:56:29","guid":{"rendered":"https:\/\/exzone.com.tr\/?post_type=product&#038;p=1588"},"modified":"2024-05-02T03:41:14","modified_gmt":"2024-05-02T00:41:14","slug":"petzl-volt-wind-uluslararasi-versiyon","status":"publish","type":"product","link":"https:\/\/exzone.com.tr\/index.php\/urun\/petzl-volt-wind-uluslararasi-versiyon\/","title":{"rendered":"PETZL VOLT WIND &#8211; Uluslararas\u0131 Versiyon"},"content":{"rendered":"<p>R\u00fczgar enerjisi end\u00fcstrisi i\u00e7in tasarlanm\u0131\u015f d\u00fc\u015fmeyi \u00f6nleyici konumlanma emniyet kemeri<\/p>\n<p>VOLT WIND d\u00fc\u015fmeyi \u00f6nleyici konumlanma emniyet kemeri FAST LT PLUS otomatik tokalar\u0131 sayesinde iki ayak yere temas ederken \u00e7ok kolay bir \u015fekilde giyilebilir. Geni\u015f, yar\u0131-sert bel ve bacak perlonlar\u0131 m\u00fckemmel destek sa\u011flar. Hafif ve nefes alabilen tasar\u0131m\u0131 hava ak\u0131\u015f\u0131n\u0131 maksimuma \u00e7\u0131kar\u0131r. Kendinden sarmal\u0131 d\u00fc\u015fme \u00f6nleyici sistemi ba\u011flamak i\u00e7in tasarlanm\u0131\u015f tekstil s\u0131rt ba\u011flant\u0131 noktas\u0131na sahiptir. R\u00fczgar t\u00fcrbini kulesi i\u00e7inde hareket ederken a\u015f\u0131nmay\u0131 azaltmak i\u00e7in bel kemeri \u00fczerinde ve s\u0131rt (dorsal) noktas\u0131n\u0131n alt\u0131nda a\u015f\u0131nma koruyucular\u0131 vard\u0131r. ABD ve Avrupa standartlar\u0131na g\u00f6re sertifikaland\u0131r\u0131lm\u0131\u015ft\u0131r.<\/p>\n<p><iframe loading=\"lazy\" src=\"https:\/\/www.youtube.com\/embed\/kUqJA88RVmU\" width=\"560\" height=\"315\" frameborder=\"0\" allowfullscreen=\"allowfullscreen\" data-mce-fragment=\"1\"><\/iframe><\/p>\n<p><b>Detayl\u0131 A\u00e7\u0131klama:<\/b><\/p>\n<p><b>R\u00fczgar t\u00fcrbini kulesi i\u00e7inde hareket ederken a\u015f\u0131nmay\u0131 s\u0131n\u0131rlamak i\u00e7in bel kemeri \u00fczerinde ve s\u0131rt noktas\u0131n\u0131n alt\u0131nda a\u015f\u0131nma koruyucular\u0131 vard\u0131r.<\/b><\/p>\n<p><b>H\u0131zl\u0131 ve kolay giyilebilme:<\/b><\/p>\n<ul>\n<li>Bel kemerinde ve bacak halkalar\u0131nda bulunan FAST LT PLUS otomatik tokalar emniyet kemerinin iki ayak yere temas ederken eldivenle bile giyinebilmesini sa\u011flar. Bu tokalar emniyet kemerinin ayar\u0131n\u0131n s\u00fcrekli olarak sabit kalmas\u0131na olanak tan\u0131r<\/li>\n<li>Omuz ask\u0131lar\u0131 ve bel kemerinde bulunan DOUBLEBACK otomatik kilitlenen kusursuz ayarlanma olana\u011f\u0131 sa\u011flar<\/li>\n<li>M\u00fckemmel konumlanma i\u00e7in bacak halkas\u0131 dolgular\u0131n\u0131n pozisyonu ayarlanabilir<\/li>\n<\/ul>\n<p><b>B\u00fct\u00fcn i\u015f g\u00fcn\u00fc boyunca konforlu:<\/b><\/p>\n<ul>\n<li>Geni\u015f, yar\u0131-sert bel ve bacak perlonlar\u0131 m\u00fckemmel destek sa\u011flar. Hafif ve nefes alabilen tasar\u0131m\u0131 hava ak\u0131\u015f\u0131n\u0131 maksimuma \u00e7\u0131kar\u0131r.<\/li>\n<li>Destekli omuz perlonlar\u0131 boyuna s\u00fcrt\u00fcnmemeleri i\u00e7in geni\u015f bir aral\u0131kla yerle\u015ftirilmi\u015ftir. G\u00f6\u011f\u00fcs kemerinin \u00fczerine y\u00fck bindi\u011finde, y\u00fck\u00fcn omuzlara da\u011f\u0131t\u0131lmas\u0131na yard\u0131mc\u0131 olurlar<\/li>\n<li>Kendinden sarmal\u0131 d\u00fc\u015fme \u00f6nleyici sistemi ba\u011flamak i\u00e7in tasarlanm\u0131\u015f tekstil s\u0131rt ba\u011flant\u0131 noktas\u0131na sahiptir.<\/li>\n<\/ul>\n<p><b>Kolay kullan\u0131m:<\/b><\/p>\n<ul>\n<li>Yan ba\u011flant\u0131 noktalar\u0131 katlanabilir, b\u00f6ylece kullan\u0131lmazken etrafa tak\u0131lmazlar<\/li>\n<li>D\u00fc\u015fme \u00f6nleyici lanyardlardaki MGO karabinalar i\u00e7in her omuz ask\u0131s\u0131nda yerle\u015ftirme sistemi. Bir d\u00fc\u015f\u00fc\u015f an\u0131nda, bu sistem MGO karabinalar\u0131 serbest b\u0131rakarak \u015fok emicilerin \u00e7al\u0131\u015fmas\u0131n\u0131 sa\u011flar<\/li>\n<li>Malzeme ask\u0131lar\u0131, CARITOOL malzeme karabinas\u0131 i\u00e7in yuvalar ve TOOLBAG malzeme \u00e7antas\u0131 i\u00e7in yuvalar ekipmanlar\u0131n kolay bir \u015fekilde organize edilmesine olanak tan\u0131r<\/li>\n<\/ul>\n<p><b>\u00d6zellikler:<\/b><\/p>\n<ul>\n<li>Yan ba\u011flant\u0131 noktalar\u0131: \u00e7ift modda konumlanma lanyard\u0131n\u0131 takmak i\u00e7in<\/li>\n<li>G\u00f6\u011f\u00fcs (sternal) ba\u011flant\u0131 noktas\u0131: d\u00fc\u015f\u00fc\u015f \u00f6nleyici sistemin ba\u011flanmas\u0131 i\u00e7in<\/li>\n<li>Metal s\u0131rt (dorsal) ba\u011flant\u0131 noktas\u0131: d\u00fc\u015f\u00fc\u015f \u00f6nleyici sistemin ba\u011flanmas\u0131 i\u00e7in<\/li>\n<li>Tekstil s\u0131rt (dorsal) ba\u011flant\u0131 noktas\u0131: d\u00fc\u015f\u00fc\u015f \u00f6nleyici sistemin ba\u011flanmas\u0131 i\u00e7in<\/li>\n<li>Bel kemerinde bulunan arka ba\u011flant\u0131 noktas\u0131: s\u0131n\u0131rland\u0131r\u0131c\u0131 lanyard\u0131n ba\u011flanmas\u0131 i\u00e7in<\/li>\n<\/ul>\n<p><b>Sertifikalar:\u00a0<\/b>ANSI Z359.11, ANSI Z359.10, CE EN 361, CE EN 358<\/p>\n<p><b>Materyal:\u00a0<\/b>Naylon, Polyester, al\u00fcminyum, \u00e7elik<\/p>\n<h3><b>Referanslar:<\/b><\/h3>\n<div>\n<table class=\"table table-striped\">\n<tbody>\n<tr>\n<th><strong>Referanslar<\/strong><\/th>\n<th>C072DA00<\/th>\n<th>C072DA01<\/th>\n<th>C072DA02<\/th>\n<\/tr>\n<tr>\n<td>Renkler<\/td>\n<td>siyah\/sar\u0131<\/td>\n<td>siyah\/sar\u0131<\/td>\n<td>siyah\/sar\u0131<\/td>\n<\/tr>\n<tr>\n<td>Beden<\/td>\n<td>0<\/td>\n<td>1<\/td>\n<td>2<\/td>\n<\/tr>\n<tr>\n<td>Bel Kemeri<\/td>\n<td>65-80 cm<\/td>\n<td>70-93 cm<\/td>\n<td>83-120 cm<\/td>\n<\/tr>\n<tr>\n<td>Bacak Halkalar\u0131<\/td>\n<td>44-59 cm<\/td>\n<td>47-62 cm<\/td>\n<td>50-65 cm<\/td>\n<\/tr>\n<tr>\n<td>Boy<\/td>\n<td>160-180 cm<\/td>\n<td>165-185 cm<\/td>\n<td>175-200 cm<\/td>\n<\/tr>\n<tr>\n<td>A\u011f\u0131rl\u0131k<\/td>\n<td>2350 g<\/td>\n<td>2400 g<\/td>\n<td>2480 g<\/td>\n<\/tr>\n<tr>\n<td>Garanti<\/td>\n<td>3 y\u0131l<\/td>\n<td>3 y\u0131l<\/td>\n<td>3 y\u0131l<\/td>\n<\/tr>\n<tr>\n<td>Pake<\/td>\n<td>1<\/td>\n<td>1<\/td>\n<td>1<\/td>\n<\/tr>\n<\/tbody>\n<\/table>\n<\/div>\n<div><\/div>\n","protected":false},"excerpt":{"rendered":"<p>R\u00fczgar enerjisi end\u00fcstrisi i\u00e7in tasarlanm\u0131\u015f d\u00fc\u015fmeyi \u00f6nleyici konumlanma emniyet kemeri VOLT WIND d\u00fc\u015fmeyi \u00f6nleyici konumlanma emniyet kemeri FAST LT PLUS otomatik tokalar\u0131 sayesinde iki ayak yere temas ederken \u00e7ok kolay bir \u015fekilde giyilebilir. Geni\u015f, yar\u0131-sert bel ve bacak perlonlar\u0131 m\u00fckemmel destek sa\u011flar. Hafif ve nefes alabilen tasar\u0131m\u0131 hava ak\u0131\u015f\u0131n\u0131 maksimuma \u00e7\u0131kar\u0131r. Kendinden sarmal\u0131 d\u00fc\u015fme \u00f6nleyici [&hellip;]<\/p>\n","protected":false},"featured_media":1589,"comment_status":"open","ping_status":"closed","template":"","meta":[],"product_brand":[],"product_cat":[244],"product_tag":[],"class_list":{"0":"post-1588","1":"product","2":"type-product","3":"status-publish","4":"has-post-thumbnail","6":"product_cat-emniyet-kemerleri","8":"first","9":"instock","10":"shipping-taxable","11":"product-type-simple"},"acf":[],"_links":{"self":[{"href":"https:\/\/exzone.com.tr\/index.php\/wp-json\/wp\/v2\/product\/1588","targetHints":{"allow":["GET"]}}],"collection":[{"href":"https:\/\/exzone.com.tr\/index.php\/wp-json\/wp\/v2\/product"}],"about":[{"href":"https:\/\/exzone.com.tr\/index.php\/wp-json\/wp\/v2\/types\/product"}],"replies":[{"embeddable":true,"href":"https:\/\/exzone.com.tr\/index.php\/wp-json\/wp\/v2\/comments?post=1588"}],"wp:featuredmedia":[{"embeddable":true,"href":"https:\/\/exzone.com.tr\/index.php\/wp-json\/wp\/v2\/media\/1589"}],"wp:attachment":[{"href":"https:\/\/exzone.com.tr\/index.php\/wp-json\/wp\/v2\/media?parent=1588"}],"wp:term":[{"taxonomy":"product_brand","embeddable":true,"href":"https:\/\/exzone.com.tr\/index.php\/wp-json\/wp\/v2\/product_brand?post=1588"},{"taxonomy":"product_cat","embeddable":true,"href":"https:\/\/exzone.com.tr\/index.php\/wp-json\/wp\/v2\/product_cat?post=1588"},{"taxonomy":"product_tag","embeddable":true,"href":"https:\/\/exzone.com.tr\/index.php\/wp-json\/wp\/v2\/product_tag?post=1588"}],"curies":[{"name":"wp","href":"https:\/\/api.w.org\/{rel}","templated":true}]}}