{"id":1524,"date":"2023-01-11T01:32:27","date_gmt":"2023-01-10T22:32:27","guid":{"rendered":"https:\/\/exzone.com.tr\/?post_type=product&#038;p=1524"},"modified":"2024-05-02T03:41:14","modified_gmt":"2024-05-02T00:41:14","slug":"petzl-vertex-ve-strato-kasklar-icin-ense-koruyucusu","status":"publish","type":"product","link":"https:\/\/exzone.com.tr\/index.php\/urun\/petzl-vertex-ve-strato-kasklar-icin-ense-koruyucusu\/","title":{"rendered":"PETZL VERTEX ve STRATO Kasklar \u0130\u00e7in Ense Koruyucusu"},"content":{"rendered":"<p>VERTEX ve STRATO kasklar i\u00e7in y\u00fcksek g\u00f6r\u00fcn\u00fcrl\u00fckl\u00fc ense koruyucusu<\/p>\n<p>VERTEX ve STRATO kasklar\u0131 i\u00e7in ense koruyucu, ensenin g\u00fcne\u015f ve ya\u011fmurdan etkili bir \u015fekilde korunmas\u0131n\u0131 sa\u011flar. Fosforlu renkler, \u00e7al\u0131\u015fanlar\u0131n gece ve g\u00fcnd\u00fcz boyunca g\u00f6r\u00fcn\u00fcr olmas\u0131n\u0131 sa\u011flar. \u0130ki renkte mevcuttur.<\/p>\n<p><iframe loading=\"lazy\" src=\"https:\/\/www.youtube.com\/embed\/MjNpP24kMfU\" width=\"560\" height=\"315\" frameborder=\"0\" allowfullscreen=\"allowfullscreen\" data-mce-fragment=\"1\"><\/iframe><br \/>\n<b>Detayl\u0131 A\u00e7\u0131klama:<\/b><\/p>\n<ul>\n<li>Boynun ense b\u00f6lgesini g\u00fcne\u015ften (SPF 40) ve ya\u011fmurdan etkili bir \u015fekilde korumak i\u00e7in tasarlanm\u0131\u015ft\u0131r<\/li>\n<li>Kask\u0131n i\u00e7indeki soketlere kolayca tak\u0131l\u0131r<\/li>\n<li>Fosforlu renkler, \u00e7al\u0131\u015fanlar\u0131n gece ve g\u00fcnd\u00fcz boyunca g\u00f6r\u00fcn\u00fcr olmas\u0131n\u0131 sa\u011flar<\/li>\n<li>VERTEX (1) ve STRATO kasklar\u0131yla uyumludur<\/li>\n<li>Makinede 30 \u00b0 C\u2019 ye kadar y\u0131kanabilir<\/li>\n<li>\u0130ki renkte mevcuttur: sar\u0131 ve turuncu<\/li>\n<\/ul>\n<p>(1) 2019 ve sonras\u0131nda \u00fcretilen \u00fcr\u00fcnler i\u00e7in ge\u00e7erlidir<\/p>\n<p><b>\u00d6zellikler:<\/b><\/p>\n<p><b>A\u011f\u0131rl\u0131k:\u00a0<\/b>55 g<\/p>\n<p><b>Materyal:\u00a0<\/b>naylon<\/p>\n<p><b>UAV\/UVB korumas\u0131:\u00a0<\/b>SPF 40<\/p>\n<table class=\"table table-striped\">\n<tbody>\n<tr>\n<td><strong>Refernaslar<\/strong><\/td>\n<td><strong>A019AA00<\/strong><\/td>\n<td><strong>A019AA01<\/strong><\/td>\n<\/tr>\n<tr>\n<td><strong>Renk<\/strong><\/td>\n<td>sar\u0131<\/td>\n<td>turuncu<\/td>\n<\/tr>\n<tr>\n<td><strong>Garanti<\/strong><\/td>\n<td>3 y\u0131l<\/td>\n<td>3 y\u0131l<\/td>\n<\/tr>\n<tr>\n<td><strong>Paket<\/strong><\/td>\n<td>1<\/td>\n<td>1<\/td>\n<\/tr>\n<\/tbody>\n<\/table>\n","protected":false},"excerpt":{"rendered":"<p>VERTEX ve STRATO kasklar i\u00e7in y\u00fcksek g\u00f6r\u00fcn\u00fcrl\u00fckl\u00fc ense koruyucusu VERTEX ve STRATO kasklar\u0131 i\u00e7in ense koruyucu, ensenin g\u00fcne\u015f ve ya\u011fmurdan etkili bir \u015fekilde korunmas\u0131n\u0131 sa\u011flar. Fosforlu renkler, \u00e7al\u0131\u015fanlar\u0131n gece ve g\u00fcnd\u00fcz boyunca g\u00f6r\u00fcn\u00fcr olmas\u0131n\u0131 sa\u011flar. \u0130ki renkte mevcuttur. Detayl\u0131 A\u00e7\u0131klama: Boynun ense b\u00f6lgesini g\u00fcne\u015ften (SPF 40) ve ya\u011fmurdan etkili bir \u015fekilde korumak i\u00e7in tasarlanm\u0131\u015ft\u0131r Kask\u0131n [&hellip;]<\/p>\n","protected":false},"featured_media":1525,"comment_status":"open","ping_status":"closed","template":"","meta":[],"product_brand":[],"product_cat":[243,271],"product_tag":[],"class_list":{"0":"post-1524","1":"product","2":"type-product","3":"status-publish","4":"has-post-thumbnail","6":"product_cat-exproof-is-guvenligi-ekipmanlari","7":"product_cat-kask-ve-baretler","9":"first","10":"instock","11":"shipping-taxable","12":"product-type-simple"},"acf":[],"_links":{"self":[{"href":"https:\/\/exzone.com.tr\/index.php\/wp-json\/wp\/v2\/product\/1524","targetHints":{"allow":["GET"]}}],"collection":[{"href":"https:\/\/exzone.com.tr\/index.php\/wp-json\/wp\/v2\/product"}],"about":[{"href":"https:\/\/exzone.com.tr\/index.php\/wp-json\/wp\/v2\/types\/product"}],"replies":[{"embeddable":true,"href":"https:\/\/exzone.com.tr\/index.php\/wp-json\/wp\/v2\/comments?post=1524"}],"wp:featuredmedia":[{"embeddable":true,"href":"https:\/\/exzone.com.tr\/index.php\/wp-json\/wp\/v2\/media\/1525"}],"wp:attachment":[{"href":"https:\/\/exzone.com.tr\/index.php\/wp-json\/wp\/v2\/media?parent=1524"}],"wp:term":[{"taxonomy":"product_brand","embeddable":true,"href":"https:\/\/exzone.com.tr\/index.php\/wp-json\/wp\/v2\/product_brand?post=1524"},{"taxonomy":"product_cat","embeddable":true,"href":"https:\/\/exzone.com.tr\/index.php\/wp-json\/wp\/v2\/product_cat?post=1524"},{"taxonomy":"product_tag","embeddable":true,"href":"https:\/\/exzone.com.tr\/index.php\/wp-json\/wp\/v2\/product_tag?post=1524"}],"curies":[{"name":"wp","href":"https:\/\/api.w.org\/{rel}","templated":true}]}}