{"id":1521,"date":"2023-01-11T01:30:36","date_gmt":"2023-01-10T22:30:36","guid":{"rendered":"https:\/\/exzone.com.tr\/?post_type=product&#038;p=1521"},"modified":"2024-05-02T03:41:14","modified_gmt":"2024-05-02T00:41:14","slug":"petzl-kasklar-icin-saklama-cantasi","status":"publish","type":"product","link":"https:\/\/exzone.com.tr\/index.php\/urun\/petzl-kasklar-icin-saklama-cantasi\/","title":{"rendered":"PETZL Kasklar \u0130\u00e7in Saklama \u00c7antas\u0131"},"content":{"rendered":"<p>VERTEX ve STRATO kasklar\u0131 i\u00e7in saklama \u00e7antas\u0131<\/p>\n<p>VERTEX ve STRATO kasklar\u0131 saklamak ve ta\u015f\u0131rken korumak i\u00e7in tasarlanm\u0131\u015f saklama \u00e7antas\u0131. Kapal\u0131 bir i\u00e7 b\u00f6lme sayesinde aksesuarlar da korunur.<\/p>\n<p><b>Detayl\u0131 A\u00e7\u0131klama:<\/b><\/p>\n<ul>\n<li>VERTEX ve STRATO kasklar\u0131n\u0131n ta\u015f\u0131ma ve saklama s\u0131ras\u0131nda korunmas\u0131n\u0131 sa\u011flar<\/li>\n<li>B\u00fczg\u00fc ipi, \u00e7antan\u0131n kolayca kapat\u0131lmas\u0131n\u0131 sa\u011flar<\/li>\n<li>Velcro kaplamal\u0131 i\u00e7 b\u00f6lme aksesuarlar\u0131 korur<\/li>\n<li>Petzl VERTEX ve STRATO kasklar\u0131yla uyumludur<\/li>\n<\/ul>\n<p><b>\u00d6zellikler:<\/b><\/p>\n<p><b>A\u011f\u0131rl\u0131k:\u00a0<\/b>175 g<\/p>\n<p><b>Materyal:\u00a0<\/b>polyester<\/p>\n<table class=\"table table-striped\">\n<tbody>\n<tr>\n<td><strong>Referanslar<\/strong><\/td>\n<td><strong>A022AA00<\/strong><\/td>\n<\/tr>\n<tr>\n<td><strong>Garanti<\/strong><\/td>\n<td>3 y\u0131l<\/td>\n<\/tr>\n<tr>\n<td><strong>Paket<\/strong><\/td>\n<td>1<\/td>\n<\/tr>\n<\/tbody>\n<\/table>\n","protected":false},"excerpt":{"rendered":"<p>VERTEX ve STRATO kasklar\u0131 i\u00e7in saklama \u00e7antas\u0131 VERTEX ve STRATO kasklar\u0131 saklamak ve ta\u015f\u0131rken korumak i\u00e7in tasarlanm\u0131\u015f saklama \u00e7antas\u0131. Kapal\u0131 bir i\u00e7 b\u00f6lme sayesinde aksesuarlar da korunur. Detayl\u0131 A\u00e7\u0131klama: VERTEX ve STRATO kasklar\u0131n\u0131n ta\u015f\u0131ma ve saklama s\u0131ras\u0131nda korunmas\u0131n\u0131 sa\u011flar B\u00fczg\u00fc ipi, \u00e7antan\u0131n kolayca kapat\u0131lmas\u0131n\u0131 sa\u011flar Velcro kaplamal\u0131 i\u00e7 b\u00f6lme aksesuarlar\u0131 korur Petzl VERTEX ve STRATO [&hellip;]<\/p>\n","protected":false},"featured_media":1522,"comment_status":"open","ping_status":"closed","template":"","meta":[],"product_brand":[],"product_cat":[243],"product_tag":[],"class_list":{"0":"post-1521","1":"product","2":"type-product","3":"status-publish","4":"has-post-thumbnail","6":"product_cat-exproof-is-guvenligi-ekipmanlari","8":"first","9":"instock","10":"shipping-taxable","11":"product-type-simple"},"acf":[],"_links":{"self":[{"href":"https:\/\/exzone.com.tr\/index.php\/wp-json\/wp\/v2\/product\/1521","targetHints":{"allow":["GET"]}}],"collection":[{"href":"https:\/\/exzone.com.tr\/index.php\/wp-json\/wp\/v2\/product"}],"about":[{"href":"https:\/\/exzone.com.tr\/index.php\/wp-json\/wp\/v2\/types\/product"}],"replies":[{"embeddable":true,"href":"https:\/\/exzone.com.tr\/index.php\/wp-json\/wp\/v2\/comments?post=1521"}],"wp:featuredmedia":[{"embeddable":true,"href":"https:\/\/exzone.com.tr\/index.php\/wp-json\/wp\/v2\/media\/1522"}],"wp:attachment":[{"href":"https:\/\/exzone.com.tr\/index.php\/wp-json\/wp\/v2\/media?parent=1521"}],"wp:term":[{"taxonomy":"product_brand","embeddable":true,"href":"https:\/\/exzone.com.tr\/index.php\/wp-json\/wp\/v2\/product_brand?post=1521"},{"taxonomy":"product_cat","embeddable":true,"href":"https:\/\/exzone.com.tr\/index.php\/wp-json\/wp\/v2\/product_cat?post=1521"},{"taxonomy":"product_tag","embeddable":true,"href":"https:\/\/exzone.com.tr\/index.php\/wp-json\/wp\/v2\/product_tag?post=1521"}],"curies":[{"name":"wp","href":"https:\/\/api.w.org\/{rel}","templated":true}]}}