{"id":1517,"date":"2023-01-11T01:26:08","date_gmt":"2023-01-10T22:26:08","guid":{"rendered":"https:\/\/exzone.com.tr\/?post_type=product&#038;p=1517"},"modified":"2024-05-02T03:41:14","modified_gmt":"2024-05-02T00:41:14","slug":"petzl-vertex-kask-icin-yedek-ter-bandi","status":"publish","type":"product","link":"https:\/\/exzone.com.tr\/index.php\/urun\/petzl-vertex-kask-icin-yedek-ter-bandi\/","title":{"rendered":"PETZL Vertex Kask \u0130\u00e7in Yedek Ter Band\u0131"},"content":{"rendered":"<ul>\n<li>Vertex kasklar i\u00e7in \u00fcretilmi\u015ftir.<\/li>\n<li>\u00c7\u0131kar\u0131labilir destek band\u0131<\/li>\n<li>\u00c7\u0131kar\u0131l\u0131p elde y\u0131kanabilir.<\/li>\n<li>Kask\u0131n kafaya konforlu oturmas\u0131n\u0131 ve bantlar\u0131n rahats\u0131z etmemesini sa\u011flar.<\/li>\n<\/ul>\n","protected":false},"excerpt":{"rendered":"<p>Vertex kasklar i\u00e7in \u00fcretilmi\u015ftir. \u00c7\u0131kar\u0131labilir destek band\u0131 \u00c7\u0131kar\u0131l\u0131p elde y\u0131kanabilir. Kask\u0131n kafaya konforlu oturmas\u0131n\u0131 ve bantlar\u0131n rahats\u0131z etmemesini sa\u011flar.<\/p>\n","protected":false},"featured_media":1518,"comment_status":"open","ping_status":"closed","template":"","meta":[],"product_brand":[],"product_cat":[243],"product_tag":[],"class_list":{"0":"post-1517","1":"product","2":"type-product","3":"status-publish","4":"has-post-thumbnail","6":"product_cat-exproof-is-guvenligi-ekipmanlari","8":"first","9":"instock","10":"shipping-taxable","11":"product-type-simple"},"acf":[],"_links":{"self":[{"href":"https:\/\/exzone.com.tr\/index.php\/wp-json\/wp\/v2\/product\/1517","targetHints":{"allow":["GET"]}}],"collection":[{"href":"https:\/\/exzone.com.tr\/index.php\/wp-json\/wp\/v2\/product"}],"about":[{"href":"https:\/\/exzone.com.tr\/index.php\/wp-json\/wp\/v2\/types\/product"}],"replies":[{"embeddable":true,"href":"https:\/\/exzone.com.tr\/index.php\/wp-json\/wp\/v2\/comments?post=1517"}],"wp:featuredmedia":[{"embeddable":true,"href":"https:\/\/exzone.com.tr\/index.php\/wp-json\/wp\/v2\/media\/1518"}],"wp:attachment":[{"href":"https:\/\/exzone.com.tr\/index.php\/wp-json\/wp\/v2\/media?parent=1517"}],"wp:term":[{"taxonomy":"product_brand","embeddable":true,"href":"https:\/\/exzone.com.tr\/index.php\/wp-json\/wp\/v2\/product_brand?post=1517"},{"taxonomy":"product_cat","embeddable":true,"href":"https:\/\/exzone.com.tr\/index.php\/wp-json\/wp\/v2\/product_cat?post=1517"},{"taxonomy":"product_tag","embeddable":true,"href":"https:\/\/exzone.com.tr\/index.php\/wp-json\/wp\/v2\/product_tag?post=1517"}],"curies":[{"name":"wp","href":"https:\/\/api.w.org\/{rel}","templated":true}]}}