{"id":1470,"date":"2023-01-11T00:43:21","date_gmt":"2023-01-10T21:43:21","guid":{"rendered":"https:\/\/exzone.com.tr\/?post_type=product&#038;p=1470"},"modified":"2024-05-02T03:41:13","modified_gmt":"2024-05-02T00:41:13","slug":"petzl-strato-kask-icin-ust-koruyucu-kopuk","status":"publish","type":"product","link":"https:\/\/exzone.com.tr\/index.php\/urun\/petzl-strato-kask-icin-ust-koruyucu-kopuk\/","title":{"rendered":"PETZL STRATO Kask \u0130\u00e7in \u00dcst Koruyucu K\u00f6p\u00fck"},"content":{"rendered":"<p>STRATO kask i\u00e7in \u00fcst k\u00f6p\u00fck<\/p>\n<p>\u00dcst k\u00f6p\u00fck, kask\u0131n \u00f6mr\u00fcn\u00fc uzatmak i\u00e7in STRATO kask\u0131n i\u00e7ine yerle\u015ftirilir. Rahatt\u0131r ve teri emer, makinede y\u0131kanabilir.<\/p>\n<p><b>Detayl\u0131 A\u00e7\u0131klama:<\/b><\/p>\n<ul>\n<li>STRATO kasklar\u0131nda k\u00f6p\u00fck de\u011fi\u015ftirmeyi sa\u011flar, \u00f6mr\u00fcn\u00fc uzat\u0131r<\/li>\n<li>Astar\u0131n \u00fcst\u00fcne yerle\u015ftirilir<\/li>\n<li>A\u00e7\u0131k h\u00fccreli k\u00f6p\u00fck teri emer<\/li>\n<li>Makinede y\u0131kanabilir<\/li>\n<li>STRATO kask ile uyumlu<\/li>\n<\/ul>\n<p><b>\u00d6zellikler:<\/b><\/p>\n<p><b>A\u011f\u0131rl\u0131k:\u00a0<\/b>15 g<\/p>\n<p><b>Materyal:\u00a0<\/b>polietilen<\/p>\n<table class=\"table table-striped\">\n<tbody>\n<tr>\n<td><strong>Referanslar<\/strong><\/td>\n<td><strong>A020EA00<\/strong><\/td>\n<\/tr>\n<tr>\n<td><strong>Versiyon<\/strong><\/td>\n<td>ter emici<\/td>\n<\/tr>\n<tr>\n<td><strong>Garanti<\/strong><\/td>\n<td>3 y\u0131l<\/td>\n<\/tr>\n<tr>\n<td><strong>Paket<\/strong><\/td>\n<td>1<\/td>\n<\/tr>\n<\/tbody>\n<\/table>\n","protected":false},"excerpt":{"rendered":"<p>STRATO kask i\u00e7in \u00fcst k\u00f6p\u00fck \u00dcst k\u00f6p\u00fck, kask\u0131n \u00f6mr\u00fcn\u00fc uzatmak i\u00e7in STRATO kask\u0131n i\u00e7ine yerle\u015ftirilir. Rahatt\u0131r ve teri emer, makinede y\u0131kanabilir. Detayl\u0131 A\u00e7\u0131klama: STRATO kasklar\u0131nda k\u00f6p\u00fck de\u011fi\u015ftirmeyi sa\u011flar, \u00f6mr\u00fcn\u00fc uzat\u0131r Astar\u0131n \u00fcst\u00fcne yerle\u015ftirilir A\u00e7\u0131k h\u00fccreli k\u00f6p\u00fck teri emer Makinede y\u0131kanabilir STRATO kask ile uyumlu \u00d6zellikler: A\u011f\u0131rl\u0131k:\u00a015 g Materyal:\u00a0polietilen Referanslar A020EA00 Versiyon ter emici Garanti 3 [&hellip;]<\/p>\n","protected":false},"featured_media":1471,"comment_status":"open","ping_status":"closed","template":"","meta":[],"product_brand":[],"product_cat":[243],"product_tag":[],"class_list":{"0":"post-1470","1":"product","2":"type-product","3":"status-publish","4":"has-post-thumbnail","6":"product_cat-exproof-is-guvenligi-ekipmanlari","8":"first","9":"instock","10":"shipping-taxable","11":"product-type-simple"},"acf":[],"_links":{"self":[{"href":"https:\/\/exzone.com.tr\/index.php\/wp-json\/wp\/v2\/product\/1470","targetHints":{"allow":["GET"]}}],"collection":[{"href":"https:\/\/exzone.com.tr\/index.php\/wp-json\/wp\/v2\/product"}],"about":[{"href":"https:\/\/exzone.com.tr\/index.php\/wp-json\/wp\/v2\/types\/product"}],"replies":[{"embeddable":true,"href":"https:\/\/exzone.com.tr\/index.php\/wp-json\/wp\/v2\/comments?post=1470"}],"wp:featuredmedia":[{"embeddable":true,"href":"https:\/\/exzone.com.tr\/index.php\/wp-json\/wp\/v2\/media\/1471"}],"wp:attachment":[{"href":"https:\/\/exzone.com.tr\/index.php\/wp-json\/wp\/v2\/media?parent=1470"}],"wp:term":[{"taxonomy":"product_brand","embeddable":true,"href":"https:\/\/exzone.com.tr\/index.php\/wp-json\/wp\/v2\/product_brand?post=1470"},{"taxonomy":"product_cat","embeddable":true,"href":"https:\/\/exzone.com.tr\/index.php\/wp-json\/wp\/v2\/product_cat?post=1470"},{"taxonomy":"product_tag","embeddable":true,"href":"https:\/\/exzone.com.tr\/index.php\/wp-json\/wp\/v2\/product_tag?post=1470"}],"curies":[{"name":"wp","href":"https:\/\/api.w.org\/{rel}","templated":true}]}}