{"id":3631,"date":"2025-03-09T11:50:01","date_gmt":"2025-03-09T08:50:01","guid":{"rendered":"https:\/\/exzone.com.tr\/?page_id=3631"},"modified":"2025-03-09T13:23:41","modified_gmt":"2025-03-09T10:23:41","slug":"ilkelerimiz","status":"publish","type":"page","link":"https:\/\/exzone.com.tr\/index.php\/biz-kimiz\/ilkelerimiz\/","title":{"rendered":"\u0130lkelerimiz"},"content":{"rendered":"<p>[vc_section css=&#8221;.vc_custom_1581389427798{padding-top: 150px !important;background-color: #232323 !important;}&#8221;][vc_row content_placement=&#8221;bottom&#8221; css=&#8221;.vc_custom_1575014741811{margin-bottom: 35px !important;}&#8221;][vc_column width=&#8221;1\/2&#8243;][vc_custom_heading text=&#8221;Tek Bir Misyonumuz Var<br \/>\n<strong>Exproof d\u00f6n\u00fc\u015f\u00fcm ve end\u00fcstriyel g\u00fcvenlik alan\u0131nda en iyi firma olmak!<br \/>\n<\/strong>&#8221; font_container=&#8221;tag:div|font_size:40px|text_align:left|color:%23ffffff|line_height:44px&#8221; use_theme_fonts=&#8221;yes&#8221;][vc_empty_space height=&#8221;20px&#8221;][\/vc_column][vc_column width=&#8221;1\/12&#8243;][\/vc_column][vc_column width=&#8221;1\/3&#8243;][vc_column_text]<span style=\"color: #ffffff;\">Bu, sadece bir hedef de\u011fil; m\u00fc\u015fterilerimize en g\u00fcvenli, yenilik\u00e7i ve verimli \u00e7\u00f6z\u00fcmleri sunma konusundaki bitmeyen tutkumuzdur.<\/span>[\/vc_column_text][vc_empty_space height=&#8221;25px&#8221;][\/vc_column][vc_column width=&#8221;1\/12&#8243;][\/vc_column][\/vc_row][vc_row][vc_column][vc_wp_custommenu nav_menu=&#8221;41&#8243; el_class=&#8221;columns-5&#8243;][vc_empty_space height=&#8221;30px&#8221;][\/vc_column][\/vc_row][\/vc_section][vc_section css=&#8221;.vc_custom_1576828842517{padding-top: 60px !important;padding-bottom: 20px !important;}&#8221;][vc_row][vc_column][vc_custom_heading text=&#8221;<strong>temel amac\u0131m\u0131z<\/strong>&#8221; font_container=&#8221;tag:h2|font_size:64px|text_align:center|line_height:64px&#8221; use_theme_fonts=&#8221;yes&#8221;][vc_empty_space height=&#8221;15px&#8221;][vc_custom_heading text=&#8221;M\u00fc\u015fterilerimizin, \u00c7al\u0131\u015fanlar\u0131m\u0131z\u0131n ve Toplumun Hayat\u0131na De\u011fer Katmak.&#8221; font_container=&#8221;tag:p|font_size:21px|text_align:center|line_height:26px&#8221; use_theme_fonts=&#8221;yes&#8221;][vc_empty_space height=&#8221;70px&#8221;][\/vc_column][\/vc_row][vc_row][vc_column]<ul class=\"iconlist iconlist iconlist-icon-large columns-3\"><li ><div class=\"iconlist-item-icon\"><i class=\"hank-factory\"><\/i><\/div><div class=\"iconlist-item-content\"><h3>m\u00fc\u015fterilerimiz.<\/h3>\n<p>G\u00fcvenilir ve detayl\u0131 end\u00fcstriyel g\u00fcvenlik y\u00f6netimi sa\u011fl\u0131yoruz.<\/p>\n<p>Exproof d\u00f6n\u00fc\u015f\u00fcm ve gaz alg\u0131lama \u00e7\u00f6z\u00fcmlerinde en g\u00fcncel teknolojileri kullan\u0131yoruz.<\/p>\n<p>De\u011fi\u015fen end\u00fcstri dinamiklerine duyarl\u0131 kalarak, y\u00fcksek kalite standartlar\u0131yla hizmet veriyoruz.<\/p><\/div><\/li><li ><div class=\"iconlist-item-icon\"><i class=\"hank-privacy-policy\"><\/i><\/div><div class=\"iconlist-item-content\"><h3>\u00e7al\u0131\u015fanlar\u0131m\u0131z.<\/h3>\n<p>A\u00e7\u0131k, \u015feffaf ve destekleyici bir \u00e7al\u0131\u015fma ortam\u0131 sunuyoruz.<\/p>\n<p>Yenilik\u00e7ili\u011fi te\u015fvik eden, profesyonel geli\u015fimi destekleyen ve g\u00fcvenli\u011fi \u00f6n planda tutan bir \u015firket k\u00fclt\u00fcr\u00fc olu\u015fturuyoruz.<\/p>\n<p>\u00c7e\u015fitlili\u011fi ve ekip i\u00e7i dayan\u0131\u015fmay\u0131 \u00f6nemsiyoruz.<\/p><\/div><\/li><li ><div class=\"iconlist-item-icon\"><i class=\"hank-new-construction\"><\/i><\/div><div class=\"iconlist-item-content\"><h3>toplumumuz.<\/h3>\n<p>Yerel istihdam\u0131 destekleyerek topluma katk\u0131da bulunuyoruz.<\/p>\n<p>Kad\u0131n giri\u015fimcileri ve yerel i\u015fletmeleri te\u015fvik ederek birlikte b\u00fcy\u00fcmeyi hedefliyoruz.<\/p>\n<p>End\u00fcstriyel g\u00fcvenlik bilincini art\u0131rmak i\u00e7in e\u011fitim ve fark\u0131ndal\u0131k \u00e7al\u0131\u015fmalar\u0131 y\u00fcr\u00fct\u00fcyoruz.<\/p><\/div><\/li><\/ul>[\/vc_column][\/vc_row][\/vc_section][vc_section css=&#8221;.vc_custom_1581396882857{background-position: 0 0 !important;background-repeat: no-repeat !important;}&#8221;][vc_row content_placement=&#8221;middle&#8221; css=&#8221;.vc_custom_1741511453884{margin-right: 5% !important;margin-bottom: 30px !important;margin-left: 5% !important;padding-top: 120px !important;padding-bottom: 120px !important;background-image: url(https:\/\/exzone.com.tr\/wp-content\/uploads\/2025\/03\/hame-banner-rafineri.webp?id=3612) !important;background-position: center !important;background-repeat: no-repeat !important;background-size: cover !important;}&#8221;][vc_column width=&#8221;5\/12&#8243; offset=&#8221;vc_col-lg-6 vc_hidden-xs&#8221;][vc_empty_space height=&#8221;350&#8243;][\/vc_column][vc_column width=&#8221;7\/12&#8243; offset=&#8221;vc_col-lg-5 vc_col-md-6 vc_hidden-xs&#8221;]\n\t<div class=\"testimonial \">\n\t\t<div class=\"testimonial-content\">\n\t\t\t<blockquote>\n\t\t\t\t<p>Exzone\u2019un misyonu, end\u00fcstriyel tesislerde maksimum g\u00fcvenlik sa\u011flayarak,<br \/>\nm\u00fc\u015fterilerinin operasyonel s\u00fcreklili\u011fini desteklemek ve uluslararas\u0131 standartlarda<br \/>\n\u00e7\u00f6z\u00fcmler sunmakt\u0131r.<\/p>\n\t\t\t<\/blockquote>\n\t\t<\/div>\n\t\t<div class=\"testimonial-meta\">\n\t\t\t\t\t\t<div class=\"testimonial-author\">\n\t\t\t\t<strong class=\"author-name\">EXZONE<\/strong>\n\t\t\t\t<div class=\"author-info\"><span class=\"subtitle\">Proses Emniyet Sistemleri<\/span><\/div>\n\t\t\t<\/div>\n\t\t<\/div>\n\t<\/div>\n[\/vc_column][vc_column width=&#8221;1\/12&#8243;][\/vc_column][\/vc_row][vc_row css=&#8221;.vc_custom_1578887573623{padding-top: 20px !important;}&#8221;][vc_column][vc_empty_space height=&#8221;45px&#8221;][\/vc_column][\/vc_row][\/vc_section][vc_section css=&#8221;.vc_custom_1581397513865{padding-top: 80px !important;}&#8221; el_class=&#8221;bg-accent&#8221;][vc_row][vc_column][vc_custom_heading text=&#8221;<strong>temel de\u011ferlerimiz<\/strong>&#8221; font_container=&#8221;tag:h2|font_size:64px|text_align:center|color:%23ffffff|line_height:64px&#8221; use_theme_fonts=&#8221;yes&#8221;][vc_empty_space height=&#8221;15px&#8221;][vc_custom_heading text=&#8221;Exzone, end\u00fcstriyel g\u00fcvenlik ve Exproof d\u00f6n\u00fc\u015f\u00fcm projelerinde sa\u011flam bir temel \u00fczerine kurulmu\u015ftur. \u0130\u015fimizi y\u00fcr\u00fct\u00fcrken ba\u011fl\u0131 kald\u0131\u011f\u0131m\u0131z temel de\u011ferlerimiz, ba\u015far\u0131m\u0131z\u0131n anahtar\u0131d\u0131r.&#8221; font_container=&#8221;tag:p|font_size:21px|text_align:center|color:%23b7b7b7|line_height:26px&#8221; use_theme_fonts=&#8221;yes&#8221;][vc_empty_space height=&#8221;70px&#8221;][\/vc_column][\/vc_row][vc_row][vc_column]<ul class=\"iconlist iconlist iconlist-icon-small columns-3\"><li ><div class=\"iconlist-item-icon\"><i class=\"hank-d-check\"><\/i><\/div><div class=\"iconlist-item-content\"><h3>tak\u0131m \u00e7al\u0131\u015fmas\u0131.<\/h3>\n<p><span style=\"color: #ffffff;\">En b\u00fcy\u00fck g\u00fcc\u00fcm\u00fcz, ekibimizdir.<\/span><\/p>\n<p><span style=\"color: #ffffff;\">M\u00fc\u015fterilerimiz ve i\u015f ortaklar\u0131m\u0131zla i\u015f birli\u011fi i\u00e7inde \u00e7al\u0131\u015farak g\u00fc\u00e7l\u00fc \u00e7\u00f6z\u00fcmler \u00fcretiyoruz.<\/span><\/p><\/div><\/li><li ><div class=\"iconlist-item-icon\"><i class=\"hank-d-check\"><\/i><\/div><div class=\"iconlist-item-content\"><h3>d\u00fcr\u00fcstl\u00fck ve g\u00fcvenirlilik.<\/h3>\n<p><span style=\"color: #ffffff;\">S\u00f6z\u00fcm\u00fcz\u00fcn arkas\u0131nda dururuz.<\/span><\/p>\n<p><span style=\"color: #ffffff;\">Verdi\u011fimiz taahh\u00fctleri eksiksiz yerine getirerek uzun vadeli i\u015f ortakl\u0131klar\u0131 kurar\u0131z.<\/span><\/p><\/div><\/li><li ><div class=\"iconlist-item-icon\"><i class=\"hank-d-check\"><\/i><\/div><div class=\"iconlist-item-content\"><h3>m\u00fckemmellik.<\/h3>\n<p><span style=\"color: #ffffff;\">\u0130\u015fimizde en iyisini yapmay\u0131 hedefliyoruz.<\/span><\/p>\n<p><span style=\"color: #ffffff;\">Yenilik\u00e7i ve ileri m\u00fchendislik \u00e7\u00f6z\u00fcmleri ile projelerimizi en y\u00fcksek kalite standartlar\u0131nda tamaml\u0131yoruz.<\/span><\/p><\/div><\/li><li ><div class=\"iconlist-item-icon\"><i class=\"hank-d-check\"><\/i><\/div><div class=\"iconlist-item-content\"><h3>g\u00fcvenlik.<\/h3>\n<p><span style=\"color: #ffffff;\">\u0130\u015f sa\u011fl\u0131\u011f\u0131 ve g\u00fcvenli\u011fi en b\u00fcy\u00fck \u00f6nceli\u011fimizdir.<\/span><\/p>\n<p><span style=\"color: #ffffff;\">\u00c7al\u0131\u015fanlar\u0131m\u0131z, m\u00fc\u015fterilerimiz ve toplum i\u00e7in s\u0131f\u0131r i\u015f kazas\u0131 hedefiyle \u00e7al\u0131\u015f\u0131yoruz.<\/span><\/p><\/div><\/li><li ><div class=\"iconlist-item-icon\"><i class=\"hank-d-check\"><\/i><\/div><div class=\"iconlist-item-content\"><h3>yenilik\u00e7ilik ve s\u00fcrekli geli\u015fim.<\/h3>\n<p><span style=\"color: #ffffff;\">De\u011fi\u015fimi benimseyen bir k\u00fclt\u00fcre sahibiz.<\/span><\/p>\n<p><span style=\"color: #ffffff;\">Exproof teknolojileri ve end\u00fcstriyel g\u00fcvenlik \u00e7\u00f6z\u00fcmlerinde s\u00fcrekli geli\u015fimi destekliyoruz.<\/span><\/p><\/div><\/li><li ><div class=\"iconlist-item-icon\"><i class=\"hank-d-check\"><\/i><\/div><div class=\"iconlist-item-content\"><h3>a\u00e7\u0131k ve \u015feffaf ileti\u015fim.<\/h3>\n<p><span style=\"color: #ffffff;\">Dinliyoruz, anl\u0131yoruz ve \u00e7\u00f6z\u00fcmler \u00fcretiyoruz.<\/span><\/p>\n<p><span style=\"color: #ffffff;\">M\u00fc\u015fterilerimiz, \u00e7al\u0131\u015fanlar\u0131m\u0131z ve i\u015f ortaklar\u0131m\u0131zla a\u00e7\u0131k, d\u00fcr\u00fcst ve proaktif ileti\u015fimi esas al\u0131yoruz.<\/span><\/p><\/div><\/li><\/ul>[\/vc_column][\/vc_row][\/vc_section][vc_section css=&#8221;.vc_custom_1581397630788{padding-top: 80px !important;}&#8221;][vc_row gap=&#8221;35&#8243;][vc_column width=&#8221;1\/2&#8243;][vc_single_image image=&#8221;477&#8243; img_size=&#8221;full&#8221;][vc_empty_space height=&#8221;30px&#8221;][vc_custom_heading text=&#8221;<strong>misyonumuz<\/strong>&#8221; font_container=&#8221;tag:h2|font_size:48px|text_align:left|line_height:48px&#8221; use_theme_fonts=&#8221;yes&#8221;][vc_empty_space height=&#8221;15px&#8221;][vc_column_text]<strong>End\u00fcstriyel tesislerde maksimum g\u00fcvenlik sa\u011flayarak, operasyonel s\u00fcreklili\u011fini desteklemek ve uluslararas\u0131 standartlarda \u00e7\u00f6z\u00fcmler sunmakt\u0131r.<\/strong>[\/vc_column_text][vc_empty_space height=&#8221;60px&#8221;][\/vc_column][vc_column width=&#8221;1\/2&#8243;][vc_single_image image=&#8221;480&#8243; img_size=&#8221;full&#8221;][vc_empty_space height=&#8221;30px&#8221;][vc_custom_heading text=&#8221;<strong>vizyonumuz<\/strong>&#8221; font_container=&#8221;tag:h2|font_size:48px|text_align:left|line_height:48px&#8221; use_theme_fonts=&#8221;yes&#8221;][vc_empty_space height=&#8221;15px&#8221;][vc_column_text]<strong>Her ge\u00e7en g\u00fcn projelerimizi \u00e7e\u015fitlendirerek, end\u00fcstriyel g\u00fcvenlik \u00e7\u00f6z\u00fcmlerinde k\u00fcresel bir marka olma yolunda ilerliyoruz.<\/strong>[\/vc_column_text][vc_empty_space height=&#8221;60px&#8221;][\/vc_column][\/vc_row][vc_row][vc_column][vc_separator][\/vc_column][\/vc_row][\/vc_section][vc_section][vc_row css=&#8221;.vc_custom_1581395783488{padding-top: 60px !important;}&#8221;][vc_column][vc_custom_heading text=&#8221;Ba\u015fl\u0131ca Referanslar\u0131m\u0131z&#8221; font_container=&#8221;tag:p|font_size:24px|text_align:left|line_height:30px&#8221; use_theme_fonts=&#8221;yes&#8221;][vc_empty_space height=&#8221;40px&#8221;]<ul class=\"iconlist iconlist iconlist-icon-xlarge \"><li ><div class=\"iconlist-item-icon\"><img decoding=\"async\" src=\"https:\/\/exzone.com.tr\/wp-content\/uploads\/2024\/05\/unilever-logo.png\" alt=\"unilever-logo\" \/><\/div><div class=\"iconlist-item-content\"><\/div><\/li><li ><div class=\"iconlist-item-icon\"><img decoding=\"async\" src=\"https:\/\/exzone.com.tr\/wp-content\/uploads\/2024\/05\/vestel-logo.png\" alt=\"vestel-logo\" \/><\/div><div class=\"iconlist-item-content\"><\/div><\/li><li ><div class=\"iconlist-item-icon\"><img decoding=\"async\" src=\"https:\/\/exzone.com.tr\/wp-content\/uploads\/2024\/05\/eczacibasi-vitrailogo.png\" alt=\"eczacibasi-vitrailogo\" \/><\/div><div class=\"iconlist-item-content\"><\/div><\/li><li ><div class=\"iconlist-item-icon\"><img decoding=\"async\" src=\"https:\/\/exzone.com.tr\/wp-content\/uploads\/2024\/05\/coca-cola-logo.png\" alt=\"coca-cola-logo\" \/><\/div><div class=\"iconlist-item-content\"><\/div><\/li><li ><div class=\"iconlist-item-icon\"><img decoding=\"async\" src=\"https:\/\/exzone.com.tr\/wp-content\/uploads\/2024\/05\/abdiibrahim-logo.png\" alt=\"abdiibrahim-logo\" \/><\/div><div class=\"iconlist-item-content\"><\/div><\/li><li ><div class=\"iconlist-item-icon\"><img decoding=\"async\" src=\"https:\/\/exzone.com.tr\/wp-content\/uploads\/2024\/05\/eti-aluminyum-logo.png\" alt=\"eti-aluminyum-logo\" \/><\/div><div class=\"iconlist-item-content\"><\/div><\/li><li ><div class=\"iconlist-item-icon\"><img decoding=\"async\" src=\"https:\/\/exzone.com.tr\/wp-content\/uploads\/2024\/05\/eczacibasi-vitrailogo.png\" alt=\"eczacibasi-vitrailogo\" \/><\/div><div class=\"iconlist-item-content\"><\/div><\/li><li ><div class=\"iconlist-item-icon\"><img decoding=\"async\" src=\"https:\/\/exzone.com.tr\/wp-content\/uploads\/2024\/05\/sisecam-logo.png\" alt=\"sisecam-logo\" \/><\/div><div class=\"iconlist-item-content\"><\/div><\/li><li ><div class=\"iconlist-item-icon\"><img decoding=\"async\" src=\"https:\/\/exzone.com.tr\/wp-content\/uploads\/2024\/05\/borusan-logo.png\" alt=\"borusan-logo\" \/><\/div><div class=\"iconlist-item-content\"><\/div><\/li><\/ul>[vc_empty_space height=&#8221;10px&#8221;][vc_column_text]<span style=\"color: #000000;\"><a style=\"color: #000000;\" href=\"https:\/\/exzone.com.tr\/index.php\/referanslarimiz\/\">Di\u011fer Referanslar\u0131m\u0131z&#8230;<\/a><\/span>[\/vc_column_text][\/vc_column][\/vc_row][\/vc_section]<\/p>\n","protected":false},"excerpt":{"rendered":"<p>[vc_section css=&#8221;.vc_custom_1581389427798{padding-top: 150px !important;background-color: #232323 !important;}&#8221;][vc_row content_placement=&#8221;bottom&#8221; css=&#8221;.vc_custom_1575014741811{margin-bottom: 35px !important;}&#8221;][vc_column width=&#8221;1\/2&#8243;][vc_custom_heading text=&#8221;Tek Bir Misyonumuz Var Exproof d\u00f6n\u00fc\u015f\u00fcm ve end\u00fcstriyel g\u00fcvenlik alan\u0131nda en iyi firma olmak! &#8221; font_container=&#8221;tag:div|font_size:40px|text_align:left|color:%23ffffff|line_height:44px&#8221; use_theme_fonts=&#8221;yes&#8221;][vc_empty_space height=&#8221;20px&#8221;][\/vc_column][vc_column width=&#8221;1\/12&#8243;][\/vc_column][vc_column width=&#8221;1\/3&#8243;][vc_column_text]Bu, sadece bir hedef de\u011fil; m\u00fc\u015fterilerimize en g\u00fcvenli, yenilik\u00e7i ve verimli \u00e7\u00f6z\u00fcmleri sunma konusundaki bitmeyen tutkumuzdur.[\/vc_column_text][vc_empty_space height=&#8221;25px&#8221;][\/vc_column][vc_column width=&#8221;1\/12&#8243;][\/vc_column][\/vc_row][vc_row][vc_column][vc_wp_custommenu nav_menu=&#8221;41&#8243; el_class=&#8221;columns-5&#8243;][vc_empty_space height=&#8221;30px&#8221;][\/vc_column][\/vc_row][\/vc_section][vc_section css=&#8221;.vc_custom_1576828842517{padding-top: 60px !important;padding-bottom: 20px [&hellip;]<\/p>\n","protected":false},"author":3,"featured_media":0,"parent":146,"menu_order":0,"comment_status":"closed","ping_status":"closed","template":"tmpl\/template-fullwidth.php","meta":{"footnotes":""},"class_list":["post-3631","page","type-page","status-publish","hentry"],"acf":[],"_links":{"self":[{"href":"https:\/\/exzone.com.tr\/index.php\/wp-json\/wp\/v2\/pages\/3631","targetHints":{"allow":["GET"]}}],"collection":[{"href":"https:\/\/exzone.com.tr\/index.php\/wp-json\/wp\/v2\/pages"}],"about":[{"href":"https:\/\/exzone.com.tr\/index.php\/wp-json\/wp\/v2\/types\/page"}],"author":[{"embeddable":true,"href":"https:\/\/exzone.com.tr\/index.php\/wp-json\/wp\/v2\/users\/3"}],"replies":[{"embeddable":true,"href":"https:\/\/exzone.com.tr\/index.php\/wp-json\/wp\/v2\/comments?post=3631"}],"version-history":[{"count":22,"href":"https:\/\/exzone.com.tr\/index.php\/wp-json\/wp\/v2\/pages\/3631\/revisions"}],"predecessor-version":[{"id":3653,"href":"https:\/\/exzone.com.tr\/index.php\/wp-json\/wp\/v2\/pages\/3631\/revisions\/3653"}],"up":[{"embeddable":true,"href":"https:\/\/exzone.com.tr\/index.php\/wp-json\/wp\/v2\/pages\/146"}],"wp:attachment":[{"href":"https:\/\/exzone.com.tr\/index.php\/wp-json\/wp\/v2\/media?parent=3631"}],"curies":[{"name":"wp","href":"https:\/\/api.w.org\/{rel}","templated":true}]}}